{"id":8300,"date":"2023-11-20T15:05:27","date_gmt":"2023-11-20T14:05:27","guid":{"rendered":"https:\/\/site.nord.no\/studenterssuksess\/?page_id=8300"},"modified":"2023-12-13T14:12:31","modified_gmt":"2023-12-13T13:12:31","slug":"hvordan-skaper-vi-en-mentorordning-hvor-studentene-trives-mestrer-og-lykkes","status":"publish","type":"page","link":"https:\/\/site.nord.no\/studenterssuksess\/hvordan-skaper-vi-en-mentorordning-hvor-studentene-trives-mestrer-og-lykkes\/","title":{"rendered":"Hvordan skaper vi en mentorordning hvor studentene trives, mestrer og lykkes?"},"content":{"rendered":"\n<p>Studier av frafall og gjennomf\u00f8ring (Astin, Tinto, Pascarella &amp; Terenzini) viser at oppstartsprosessen er avgj\u00f8rende for i hvor stor grad studentene trives, mestrer og gjennomf\u00f8rer sine studier.<\/p>\n\n\n\n<p>Utfordringene studentene har med overgangen, fra skole som elev til universitet\/h\u00f8gskole som student, er krevende. Ikke bare skal man finne seg til rette sosialt og praktisk, man skal ogs\u00e5 utvikle nye ferdigheter i det \u00e5 kunne h\u00e5ndtere hverdagen b\u00e5de i og utenfor studiene. Mange er ogs\u00e5 usikker p\u00e5 om de har valgt rett l\u00e6rested og studium, og hva betyr \u00abansvar for egen l\u00e6ring\u00bb egentlig?<\/p>\n\n\n\n<p>For mange er overgangen s\u00e5 overveldende at de velger \u00e5 slutte. Mange faller fra, p\u00e5 tross av at de har gode faglige forutsetninger. I tillegg f\u00e5r vi urovekkende meldinger om at et stort antall studenter sliter med psykiske utfordringer.<\/p>\n\n\n\n<p>Mentorgrupper har noen steder gitt gode resultater med bedre gjennomf\u00f8ring og bedre faglige resultater. Studenter som har deltatt i mentorgrupper rapporterer ogs\u00e5 om godt sosialt felleskap og trivsel. Positive erfaringer har medf\u00f8rt at departementet forventer at l\u00e6restedene f\u00f8lger opp med mentorordninger for alle nye studenter.<\/p>\n\n\n\n<p>Men hvordan f\u00e5 til mentorordninger som virker? Flere l\u00e6resteder har startet opp og mange er positive, men erfaringene er delte. Slike ordninger koster tid og ressurser, og resultatene er ikke n\u00f8dvendigvis m\u00e5lbare. Man kommer lett inn i en negativ sirkel der begrenset tilgang p\u00e5 ressurser medf\u00f8rer at tilbudet blir begrenset til et minimum og effektene uteblir.<br>Ofte blir ogs\u00e5 slike tilbud gjennomf\u00f8rt av relativt nytilsatt personale som i beste fall overtar noen rutinebeskrivelser, og gj\u00f8r s\u00e5 godt de kan uten helt \u00e5 vite hvorfor. Andre steder overlates det hele til studentene og fadderordninger, noe mange nye studenter velger bort, blant annet av prinsipielle \u00e5rsaker.<br><br>Denne presentasjonen tar dere gjennom en ordning med mentorering i grupper som har fungert og gitt resultater i over 20 \u00e5r ved UiB. Dere vil f\u00e5 en skisse til det som m\u00e5 gj\u00f8res i forkant med informasjon og koordinering, og noe om rekruttering og oppl\u00e6ring av mentorer. En gjennomgang av selve mottaket vil st\u00e5 sentralt. Om tiden strekker til, vil det ogs\u00e5 bli snakket om hvordan gruppene kan f\u00f8lges opp videre utover i det f\u00f8rste studie\u00e5ret. Avslutningsvis vil det bli vist hvordan ordningen kontinuerlig kan analyseres med tanke p\u00e5 stadige forbedringer og tilpasninger til b\u00e5de student 1.0, 2.0 og n\u00e5r tiden kommer 5.0.<\/p>\n\n\n\n<p>Innlegget henvender seg til dere som \u00f8nsker \u00e5 f\u00e5 i gang, eller\/og skal planlegge, organisere og gjennomf\u00f8re en slik ordning. Men det retter seg ogs\u00e5 til dere som allerede driver med mentorering i grupper og som kanskje har noen utfordringer med \u00e5 oppn\u00e5 de store effektene.<\/p>\n\n\n\n<p>Se presentasjonen fra konferansen her: <\/p>\n\n\n\n<div data-wp-interactive=\"core\/file\" class=\"wp-block-file\"><object data-wp-bind--hidden=\"!state.hasPdfPreview\" hidden class=\"wp-block-file__embed\" data=\"https:\/\/site.nord.no\/studenterssuksess\/wp-content\/uploads\/sites\/36\/2023\/12\/Mentorering-Saethre.pdf\" type=\"application\/pdf\" style=\"width:100%;height:600px\" aria-label=\"Innbygging av Mentorering-Saethre\"><\/object><a id=\"wp-block-file--media-868e6653-bf78-4910-8a96-a4731e4a3bbc\" href=\"https:\/\/site.nord.no\/studenterssuksess\/wp-content\/uploads\/sites\/36\/2023\/12\/Mentorering-Saethre.pdf\">Mentorering-Saethre<\/a><a href=\"https:\/\/site.nord.no\/studenterssuksess\/wp-content\/uploads\/sites\/36\/2023\/12\/Mentorering-Saethre.pdf\" class=\"wp-block-file__button wp-element-button\" download aria-describedby=\"wp-block-file--media-868e6653-bf78-4910-8a96-a4731e4a3bbc\">Last ned<\/a><\/div>\n\n\n\n<p><strong>Presentasjon av innleder:<\/strong><\/p>\n\n\n\n<p>Harald \u00c5ge S\u00e6thre har i over 30 \u00e5r arbeidet ved UiB, med prosjekter gjennom hele studiel\u00f8pet, fra rekruttering, mottak og innholdet i studiet til ferdig utdannede kandidater. P\u00e5 bakgrunn av erfaringene fra UiB og med utgangspunkt i internasjonal forskning, har han gitt ut boken \u00c5 tilrettelegge for at studentene skal lykkes. I 2024 satser han p\u00e5 \u00e5 komme ut med en ny bok om mentorering i grupper som han skriver med st\u00f8tte fra Norsk faglitter\u00e6r forfatter- og oversetterforening (NFFO).<br>S\u00e6thre var initiativtager til Kompetansenettverk for studenters suksess i h\u00f8yere utdanning. Han ledet arbeidet da nettverket startet opp i 2017 og var sekretariatsleder ut 2021.<br>S\u00e6thre sitter i den faglige komiteen som \u00e5rlige arrangerer EFYE (European First Year Experience) konferanser rundt om i Europa. Han var hovedansvarlig for konferansen i Bergen i 2015.<br>S\u00e6thre har deltatt aktivt i debatten rundt frafall og studenters psykiske helse p\u00e5 NRK-ytring og i Khrono. Seinest med innlegg i Khrono n\u00e5 i september.<\/p>\n","protected":false},"excerpt":{"rendered":"<p>Studier av frafall og gjennomf\u00f8ring (Astin, Tinto, Pascarella &amp; Terenzini) viser at oppstartsprosessen er avgj\u00f8rende for i hvor stor grad studentene trives, mestrer og gjennomf\u00f8rer sine studier. Utfordringene studentene har [&hellip;]<\/p>\n","protected":false},"author":73,"featured_media":0,"parent":0,"menu_order":0,"comment_status":"closed","ping_status":"closed","template":"","meta":{"footnotes":""},"coauthors":[],"class_list":["post-8300","page","type-page","status-publish","hentry"],"_links":{"self":[{"href":"https:\/\/site.nord.no\/studenterssuksess\/wp-json\/wp\/v2\/pages\/8300","targetHints":{"allow":["GET"]}}],"collection":[{"href":"https:\/\/site.nord.no\/studenterssuksess\/wp-json\/wp\/v2\/pages"}],"about":[{"href":"https:\/\/site.nord.no\/studenterssuksess\/wp-json\/wp\/v2\/types\/page"}],"author":[{"embeddable":true,"href":"https:\/\/site.nord.no\/studenterssuksess\/wp-json\/wp\/v2\/users\/73"}],"replies":[{"embeddable":true,"href":"https:\/\/site.nord.no\/studenterssuksess\/wp-json\/wp\/v2\/comments?post=8300"}],"version-history":[{"count":2,"href":"https:\/\/site.nord.no\/studenterssuksess\/wp-json\/wp\/v2\/pages\/8300\/revisions"}],"predecessor-version":[{"id":8480,"href":"https:\/\/site.nord.no\/studenterssuksess\/wp-json\/wp\/v2\/pages\/8300\/revisions\/8480"}],"wp:attachment":[{"href":"https:\/\/site.nord.no\/studenterssuksess\/wp-json\/wp\/v2\/media?parent=8300"}],"wp:term":[{"taxonomy":"author","embeddable":true,"href":"https:\/\/site.nord.no\/studenterssuksess\/wp-json\/wp\/v2\/coauthors?post=8300"}],"curies":[{"name":"wp","href":"https:\/\/api.w.org\/{rel}","templated":true}]}}