{"id":8328,"date":"2023-11-21T13:18:39","date_gmt":"2023-11-21T12:18:39","guid":{"rendered":"https:\/\/site.nord.no\/studenterssuksess\/?page_id=8328"},"modified":"2023-11-21T13:18:39","modified_gmt":"2023-11-21T12:18:39","slug":"forvei-forebyggende-og-forberedende-aktiviteter-for-a-integrere-stotte-og-trygge-studenter-pa-mn-fakultetet-uio","status":"publish","type":"page","link":"https:\/\/site.nord.no\/studenterssuksess\/forvei-forebyggende-og-forberedende-aktiviteter-for-a-integrere-stotte-og-trygge-studenter-pa-mn-fakultetet-uio\/","title":{"rendered":"ForVei: Forebyggende og forberedende aktiviteter for \u00e5 integrere, st\u00f8tte og trygge studenter p\u00e5 MN-fakultetet UiO."},"content":{"rendered":"\n<p>M\u00f8tt, sett, h\u00f8rt, respektert og likt. ForVei, et mange\u00e5rig suksesstiltak som virker positivt p\u00e5 studenthelsen, gjennomf\u00f8ringsevnen og trivsel hos studenter p\u00e5 MN-fakultetet ved UiO. Hvordan virker forebyggende veiledning og proaktivt relasjonsarbeid? Metode, filosofi, resultater og utfordringer, i v\u00e5rt arbeid, vil bli belyst.<\/p>\n\n\n\n<p><strong>Om innleder: <\/strong><\/p>\n\n\n\n<p>Ilan Dehli Villanger er seniorr\u00e5dgiver ved UiO og selvstendig n\u00e6ringsdrivende, og har tidligere v\u00e6rt headhunter og karrierer\u00e5dgiver. Ilan jobber i dag som prosjektleder i ForVei-prosjektet, som er spesialdesignede veiledningsaktiviteter rettet mot studenter og ansatte ved MN-fakultetet, UiO.<\/p>\n","protected":false},"excerpt":{"rendered":"<p>M\u00f8tt, sett, h\u00f8rt, respektert og likt. ForVei, et mange\u00e5rig suksesstiltak som virker positivt p\u00e5 studenthelsen, gjennomf\u00f8ringsevnen og trivsel hos studenter p\u00e5 MN-fakultetet ved UiO. Hvordan virker forebyggende veiledning og proaktivt [&hellip;]<\/p>\n","protected":false},"author":73,"featured_media":0,"parent":0,"menu_order":0,"comment_status":"closed","ping_status":"closed","template":"","meta":{"footnotes":""},"coauthors":[],"class_list":["post-8328","page","type-page","status-publish","hentry"],"_links":{"self":[{"href":"https:\/\/site.nord.no\/studenterssuksess\/wp-json\/wp\/v2\/pages\/8328","targetHints":{"allow":["GET"]}}],"collection":[{"href":"https:\/\/site.nord.no\/studenterssuksess\/wp-json\/wp\/v2\/pages"}],"about":[{"href":"https:\/\/site.nord.no\/studenterssuksess\/wp-json\/wp\/v2\/types\/page"}],"author":[{"embeddable":true,"href":"https:\/\/site.nord.no\/studenterssuksess\/wp-json\/wp\/v2\/users\/73"}],"replies":[{"embeddable":true,"href":"https:\/\/site.nord.no\/studenterssuksess\/wp-json\/wp\/v2\/comments?post=8328"}],"version-history":[{"count":1,"href":"https:\/\/site.nord.no\/studenterssuksess\/wp-json\/wp\/v2\/pages\/8328\/revisions"}],"predecessor-version":[{"id":8329,"href":"https:\/\/site.nord.no\/studenterssuksess\/wp-json\/wp\/v2\/pages\/8328\/revisions\/8329"}],"wp:attachment":[{"href":"https:\/\/site.nord.no\/studenterssuksess\/wp-json\/wp\/v2\/media?parent=8328"}],"wp:term":[{"taxonomy":"author","embeddable":true,"href":"https:\/\/site.nord.no\/studenterssuksess\/wp-json\/wp\/v2\/coauthors?post=8328"}],"curies":[{"name":"wp","href":"https:\/\/api.w.org\/{rel}","templated":true}]}}