{"id":8346,"date":"2023-11-21T13:38:20","date_gmt":"2023-11-21T12:38:20","guid":{"rendered":"https:\/\/site.nord.no\/studenterssuksess\/?page_id=8346"},"modified":"2023-12-13T14:05:42","modified_gmt":"2023-12-13T13:05:42","slug":"tilrettelegging-for-studentaktiv-laering-malet-er-studenter-med-arbeidsrelevante-ferdigheter-men-er-de-motiverte-for-egeninnsats","status":"publish","type":"page","link":"https:\/\/site.nord.no\/studenterssuksess\/tilrettelegging-for-studentaktiv-laering-malet-er-studenter-med-arbeidsrelevante-ferdigheter-men-er-de-motiverte-for-egeninnsats\/","title":{"rendered":"Tilrettelegging for studentaktiv l\u00e6ring, m\u00e5let er studenter med arbeidsrelevante ferdigheter, men er de motiverte for egeninnsats?"},"content":{"rendered":"\n<p>Vi deler erfaring fra \u00e5 tilrettelegge for studentaktiv l\u00e6ring for videreutdanningsstudenter, de m\u00f8ter opp samlingsbasert og er i arbeid. Egeninnsats er forventet. V\u00e5re erfaringer er at mange av studentenes m\u00e5lorientering er mer ytremotivert og prestasjonsorientert enn indremotivert og l\u00e6ringsorientert. Vi analyserer materialet ved \u00e5 anvende begrepene n\u00e6rmeste utviklingssone og m\u00e5lorientering.<\/p>\n\n\n\n<p>Se presentasjonen fra konferansen her: <\/p>\n\n\n\n<div data-wp-interactive=\"core\/file\" class=\"wp-block-file\"><object data-wp-bind--hidden=\"!state.hasPdfPreview\" hidden class=\"wp-block-file__embed\" data=\"https:\/\/site.nord.no\/studenterssuksess\/wp-content\/uploads\/sites\/36\/2023\/12\/Bodo-des-23-HH-OK.pdf\" type=\"application\/pdf\" style=\"width:100%;height:600px\" aria-label=\"Innbygging av Bodo-des-23-HH-OK\"><\/object><a id=\"wp-block-file--media-f3d1884f-9bf7-4475-85c0-9051249db5d8\" href=\"https:\/\/site.nord.no\/studenterssuksess\/wp-content\/uploads\/sites\/36\/2023\/12\/Bodo-des-23-HH-OK.pdf\">Bodo-des-23-HH-OK<\/a><a href=\"https:\/\/site.nord.no\/studenterssuksess\/wp-content\/uploads\/sites\/36\/2023\/12\/Bodo-des-23-HH-OK.pdf\" class=\"wp-block-file__button wp-element-button\" download aria-describedby=\"wp-block-file--media-f3d1884f-9bf7-4475-85c0-9051249db5d8\">Last ned<\/a><\/div>\n\n\n\n<p><strong>Om innleder: <\/strong><\/p>\n\n\n\n<p>Helene Hoemsnes, F\u00f8rstelektor ved H\u00f8gskolen i Molde, Avdeling for helse- og sosialfag. \u00d8yvind Kvello, Professor ved Norges teknisk-naturvitenskapelige universitet (NTNU) Institutt for sosialt arbeid. Bistilling ved H\u00f8gskolen i Molde.<\/p>\n","protected":false},"excerpt":{"rendered":"<p>Vi deler erfaring fra \u00e5 tilrettelegge for studentaktiv l\u00e6ring for videreutdanningsstudenter, de m\u00f8ter opp samlingsbasert og er i arbeid. Egeninnsats er forventet. V\u00e5re erfaringer er at mange av studentenes m\u00e5lorientering [&hellip;]<\/p>\n","protected":false},"author":73,"featured_media":0,"parent":0,"menu_order":0,"comment_status":"closed","ping_status":"closed","template":"","meta":{"footnotes":""},"coauthors":[8],"class_list":["post-8346","page","type-page","status-publish","hentry"],"_links":{"self":[{"href":"https:\/\/site.nord.no\/studenterssuksess\/wp-json\/wp\/v2\/pages\/8346","targetHints":{"allow":["GET"]}}],"collection":[{"href":"https:\/\/site.nord.no\/studenterssuksess\/wp-json\/wp\/v2\/pages"}],"about":[{"href":"https:\/\/site.nord.no\/studenterssuksess\/wp-json\/wp\/v2\/types\/page"}],"author":[{"embeddable":true,"href":"https:\/\/site.nord.no\/studenterssuksess\/wp-json\/wp\/v2\/users\/73"}],"replies":[{"embeddable":true,"href":"https:\/\/site.nord.no\/studenterssuksess\/wp-json\/wp\/v2\/comments?post=8346"}],"version-history":[{"count":2,"href":"https:\/\/site.nord.no\/studenterssuksess\/wp-json\/wp\/v2\/pages\/8346\/revisions"}],"predecessor-version":[{"id":8478,"href":"https:\/\/site.nord.no\/studenterssuksess\/wp-json\/wp\/v2\/pages\/8346\/revisions\/8478"}],"wp:attachment":[{"href":"https:\/\/site.nord.no\/studenterssuksess\/wp-json\/wp\/v2\/media?parent=8346"}],"wp:term":[{"taxonomy":"author","embeddable":true,"href":"https:\/\/site.nord.no\/studenterssuksess\/wp-json\/wp\/v2\/coauthors?post=8346"}],"curies":[{"name":"wp","href":"https:\/\/api.w.org\/{rel}","templated":true}]}}