{"id":8348,"date":"2023-11-21T13:40:04","date_gmt":"2023-11-21T12:40:04","guid":{"rendered":"https:\/\/site.nord.no\/studenterssuksess\/?page_id=8348"},"modified":"2023-12-14T12:21:52","modified_gmt":"2023-12-14T11:21:52","slug":"hvordan-ha-studentkontakt-nar-studenten-ikke-er-der","status":"publish","type":"page","link":"https:\/\/site.nord.no\/studenterssuksess\/hvordan-ha-studentkontakt-nar-studenten-ikke-er-der\/","title":{"rendered":"Hvordan ha studentkontakt n\u00e5r studenten ikke er der?"},"content":{"rendered":"\n<p>Presentasjonen utforsker HVLs prosjekt for \u00e5 bruke dataanalyse som verkt\u00f8y for forbedring av utdanning. Den diskuterer utkast til l\u00f8sninger satt opp imot etiske og praktiske problemstillinger knyttet til bruk av studentdata.<\/p>\n\n\n\n<div data-wp-interactive=\"core\/file\" class=\"wp-block-file\"><object data-wp-bind--hidden=\"!state.hasPdfPreview\" hidden class=\"wp-block-file__embed\" data=\"https:\/\/site.nord.no\/studenterssuksess\/wp-content\/uploads\/sites\/36\/2023\/12\/Hvordan-se-studenten-nar-vedkommende-ikke-er-der.pdf\" type=\"application\/pdf\" style=\"width:100%;height:600px\" aria-label=\"Innbygging av Hvordan-se-studenten-nar-vedkommende-ikke-er-der\"><\/object><a id=\"wp-block-file--media-755677a2-59f9-4ae1-875a-8ec3505b01f4\" href=\"https:\/\/site.nord.no\/studenterssuksess\/wp-content\/uploads\/sites\/36\/2023\/12\/Hvordan-se-studenten-nar-vedkommende-ikke-er-der.pdf\">Hvordan-se-studenten-nar-vedkommende-ikke-er-der<\/a><a href=\"https:\/\/site.nord.no\/studenterssuksess\/wp-content\/uploads\/sites\/36\/2023\/12\/Hvordan-se-studenten-nar-vedkommende-ikke-er-der.pdf\" class=\"wp-block-file__button wp-element-button\" download aria-describedby=\"wp-block-file--media-755677a2-59f9-4ae1-875a-8ec3505b01f4\">Last ned<\/a><\/div>\n\n\n\n<p><strong>Om innleder: <\/strong><\/p>\n\n\n\n<p>H\u00e5vard Moe Hagen er seniorr\u00e5dgiver i Avdeling for studiekvalitet der han jobber med FS med hovedvekt p\u00e5 analyse og statistikk. H\u00e5vard er prosjektleder for ett av innsatsomr\u00e5dene innen digitalisering p\u00e5 HVL: Etablere struktur for \u00e5 bruke data om studentene i arbeid med forbedring av utdanning. <\/p>\n","protected":false},"excerpt":{"rendered":"<p>Presentasjonen utforsker HVLs prosjekt for \u00e5 bruke dataanalyse som verkt\u00f8y for forbedring av utdanning. Den diskuterer utkast til l\u00f8sninger satt opp imot etiske og praktiske problemstillinger knyttet til bruk av [&hellip;]<\/p>\n","protected":false},"author":73,"featured_media":0,"parent":0,"menu_order":0,"comment_status":"closed","ping_status":"closed","template":"","meta":{"footnotes":""},"coauthors":[8],"class_list":["post-8348","page","type-page","status-publish","hentry"],"_links":{"self":[{"href":"https:\/\/site.nord.no\/studenterssuksess\/wp-json\/wp\/v2\/pages\/8348","targetHints":{"allow":["GET"]}}],"collection":[{"href":"https:\/\/site.nord.no\/studenterssuksess\/wp-json\/wp\/v2\/pages"}],"about":[{"href":"https:\/\/site.nord.no\/studenterssuksess\/wp-json\/wp\/v2\/types\/page"}],"author":[{"embeddable":true,"href":"https:\/\/site.nord.no\/studenterssuksess\/wp-json\/wp\/v2\/users\/73"}],"replies":[{"embeddable":true,"href":"https:\/\/site.nord.no\/studenterssuksess\/wp-json\/wp\/v2\/comments?post=8348"}],"version-history":[{"count":4,"href":"https:\/\/site.nord.no\/studenterssuksess\/wp-json\/wp\/v2\/pages\/8348\/revisions"}],"predecessor-version":[{"id":8486,"href":"https:\/\/site.nord.no\/studenterssuksess\/wp-json\/wp\/v2\/pages\/8348\/revisions\/8486"}],"wp:attachment":[{"href":"https:\/\/site.nord.no\/studenterssuksess\/wp-json\/wp\/v2\/media?parent=8348"}],"wp:term":[{"taxonomy":"author","embeddable":true,"href":"https:\/\/site.nord.no\/studenterssuksess\/wp-json\/wp\/v2\/coauthors?post=8348"}],"curies":[{"name":"wp","href":"https:\/\/api.w.org\/{rel}","templated":true}]}}