{"id":8430,"date":"2023-11-29T14:06:55","date_gmt":"2023-11-29T13:06:55","guid":{"rendered":"https:\/\/site.nord.no\/studenterssuksess\/?page_id=8430"},"modified":"2023-12-13T13:53:31","modified_gmt":"2023-12-13T12:53:31","slug":"hvordan-tilrettelegge-for-fremtidens-studentfrivillighet-del-2","status":"publish","type":"page","link":"https:\/\/site.nord.no\/studenterssuksess\/hvordan-tilrettelegge-for-fremtidens-studentfrivillighet-del-2\/","title":{"rendered":"Hvordan tilrettelegge for fremtidens studentfrivillighet?"},"content":{"rendered":"\n<h2 class=\"wp-block-heading\">Dette er del 2 av 2 parallelle sesjoner.<\/h2>\n\n\n\n<p>Studentenes helse og trivselsunders\u00f8kelse 2018 oppgir at 39 prosent av studentene var aktive i en studentorganisasjon. Unders\u00f8kelsen fra 2022 viser at studentengasjementet i Norge har sunket til 27 prosent. Dette er alts\u00e5 en nedgang p\u00e5 over 30 prosent. Hva er \u00e5rsaken til dette? Og hvordan kan vi snu denne trenden?<\/p>\n\n\n\n<p>I del 2 av sesjon om studentdentfrivillighet diskuterte vi i grupper p\u00e5 tvers av institusjoner, samskipnader og studenter, for \u00e5 finne l\u00f8sninger p\u00e5 hvordan vi kan bedre legge til rette for studentfrivilligheten. Vi tok med oss det vi hadde l\u00e6rt fra rapporten til Sammen, og bygget videre p\u00e5 dette.\u00a0<\/p>\n\n\n\n<p><em><a href=\"https:\/\/site.nord.no\/studenterssuksess\/hvordan-tilrettelegge-for-framtidens-studentfrivillighet-del-1\/\">Del 1 gjennomf\u00f8res f\u00f8rste dag av konferansen i form av en presentasjon. <\/a><\/em><\/p>\n\n\n\n<p>Her kan du se et utdrag fra det som kom fram p\u00e5 workshopen: <\/p>\n\n\n\n<div data-wp-interactive=\"core\/file\" class=\"wp-block-file\"><object data-wp-bind--hidden=\"!state.hasPdfPreview\" hidden class=\"wp-block-file__embed\" data=\"https:\/\/site.nord.no\/studenterssuksess\/wp-content\/uploads\/sites\/36\/2023\/12\/Hvordan-tilrettelegge-for-studentengasjement-workshop.pdf\" type=\"application\/pdf\" style=\"width:100%;height:600px\" aria-label=\"Innbygging av Hvordan-tilrettelegge-for-studentengasjement-workshop\"><\/object><a id=\"wp-block-file--media-42ac07c8-9afb-43d8-bd2f-102194254fbc\" href=\"https:\/\/site.nord.no\/studenterssuksess\/wp-content\/uploads\/sites\/36\/2023\/12\/Hvordan-tilrettelegge-for-studentengasjement-workshop.pdf\">Hvordan-tilrettelegge-for-studentengasjement-workshop<\/a><a href=\"https:\/\/site.nord.no\/studenterssuksess\/wp-content\/uploads\/sites\/36\/2023\/12\/Hvordan-tilrettelegge-for-studentengasjement-workshop.pdf\" class=\"wp-block-file__button wp-element-button\" download aria-describedby=\"wp-block-file--media-42ac07c8-9afb-43d8-bd2f-102194254fbc\">Last ned<\/a><\/div>\n\n\n\n<p><strong>Om innleggsholder: <\/strong><\/p>\n\n\n\n<p>Simen Randen er studentleder ved Nord Universitet, hvor han har fullf\u00f8rt en bachelor i Internasjonale relasjoner. <\/p>\n\n\n\n<p>Elida Slettum er Fag- og l\u00e6ringsmilj\u00f8politisk ansvarlig i Norsk Studentorganisasjon. Elida har ogs\u00e5 erfaring fra studentdemokratiet ved UiB, hvor hun har studert sosialantropologi.<\/p>\n\n\n\n<p><em>Denne sesjonen gj\u00f8res i samarbeid med Henrik Waage Tjore og Jakop Kjellstad fra Studentsamskipnaden p\u00e5 Vestlandet (Sammen). De har ansvaret for planlegging og gjennomf\u00f8ring av del 1.<\/em><\/p>\n","protected":false},"excerpt":{"rendered":"<p>Dette er del 2 av 2 parallelle sesjoner. Studentenes helse og trivselsunders\u00f8kelse 2018 oppgir at 39 prosent av studentene var aktive i en studentorganisasjon. Unders\u00f8kelsen fra 2022 viser at studentengasjementet [&hellip;]<\/p>\n","protected":false},"author":73,"featured_media":0,"parent":0,"menu_order":0,"comment_status":"closed","ping_status":"closed","template":"","meta":{"footnotes":""},"coauthors":[8],"class_list":["post-8430","page","type-page","status-publish","hentry"],"_links":{"self":[{"href":"https:\/\/site.nord.no\/studenterssuksess\/wp-json\/wp\/v2\/pages\/8430","targetHints":{"allow":["GET"]}}],"collection":[{"href":"https:\/\/site.nord.no\/studenterssuksess\/wp-json\/wp\/v2\/pages"}],"about":[{"href":"https:\/\/site.nord.no\/studenterssuksess\/wp-json\/wp\/v2\/types\/page"}],"author":[{"embeddable":true,"href":"https:\/\/site.nord.no\/studenterssuksess\/wp-json\/wp\/v2\/users\/73"}],"replies":[{"embeddable":true,"href":"https:\/\/site.nord.no\/studenterssuksess\/wp-json\/wp\/v2\/comments?post=8430"}],"version-history":[{"count":5,"href":"https:\/\/site.nord.no\/studenterssuksess\/wp-json\/wp\/v2\/pages\/8430\/revisions"}],"predecessor-version":[{"id":8468,"href":"https:\/\/site.nord.no\/studenterssuksess\/wp-json\/wp\/v2\/pages\/8430\/revisions\/8468"}],"wp:attachment":[{"href":"https:\/\/site.nord.no\/studenterssuksess\/wp-json\/wp\/v2\/media?parent=8430"}],"wp:term":[{"taxonomy":"author","embeddable":true,"href":"https:\/\/site.nord.no\/studenterssuksess\/wp-json\/wp\/v2\/coauthors?post=8430"}],"curies":[{"name":"wp","href":"https:\/\/api.w.org\/{rel}","templated":true}]}}