{"id":8449,"date":"2023-11-30T12:52:22","date_gmt":"2023-11-30T11:52:22","guid":{"rendered":"https:\/\/site.nord.no\/studenterssuksess\/?page_id=8449"},"modified":"2023-12-14T13:14:28","modified_gmt":"2023-12-14T12:14:28","slug":"fra-bok-til-byte-laering-og-laeringsmiljo-i-endring","status":"publish","type":"page","link":"https:\/\/site.nord.no\/studenterssuksess\/fra-bok-til-byte-laering-og-laeringsmiljo-i-endring\/","title":{"rendered":"Fra bok til byte: l\u00e6ring og l\u00e6ringsmilj\u00f8 i endring"},"content":{"rendered":"\n<p>Student 2.0. markerer et tydelig skifte fra tradisjonell bokbasert l\u00e6ring, til moderne digital l\u00e6ring basert p\u00e5 bytes og bits. Digitalisering og teknologiske verkt\u00f8y, som kunstig intelligens forventes n\u00e5 \u00e5 integreres i det moderne l\u00e6ringsmilj\u00f8et. Innovative l\u00f8sninger m\u00e5 utvikles for kunne blande det tradisjonelle og moderne l\u00e6ringsmilj\u00f8et \u2013 men hvilke utfordringer og muligheter oppst\u00e5r i denne overgangen? Og hvordan kan egentlig digitalisering og teknologi styrke l\u00e6ringsmilj\u00f8et?<\/p>\n\n\n\n<p>Velkommen til panelsamtale med:<\/p>\n\n\n\n<ul class=\"wp-block-list\">\n<li>Adam Palmquist, f\u00f8rsteamanuensis ved Nord universitet <\/li>\n\n\n\n<li>Nora-Marie Bratteb\u00f8, seniorr\u00e5dgiver ved NTNU<\/li>\n\n\n\n<li>Abderisak Adam, Avidnote <\/li>\n<\/ul>\n\n\n\n<p>Moderator: Thomas Leirvik, F\u00f8rsteamanuensis ved Nord universitet<\/p>\n\n\n\n<figure class=\"wp-block-gallery has-nested-images columns-default is-cropped wp-block-gallery-1 is-layout-flex wp-block-gallery-is-layout-flex\">\n<figure class=\"wp-block-image size-large\"><img fetchpriority=\"high\" decoding=\"async\" width=\"3024\" height=\"2496\" data-id=\"8545\" src=\"https:\/\/site.nord.no\/studenterssuksess\/wp-content\/uploads\/sites\/36\/2023\/12\/IMG_1438-1.jpg\" alt=\"\" class=\"wp-image-8545\" \/><\/figure>\n<\/figure>\n","protected":false},"excerpt":{"rendered":"<p>Student 2.0. markerer et tydelig skifte fra tradisjonell bokbasert l\u00e6ring, til moderne digital l\u00e6ring basert p\u00e5 bytes og bits. Digitalisering og teknologiske verkt\u00f8y, som kunstig intelligens forventes n\u00e5 \u00e5 integreres [&hellip;]<\/p>\n","protected":false},"author":73,"featured_media":0,"parent":0,"menu_order":0,"comment_status":"closed","ping_status":"closed","template":"","meta":{"footnotes":""},"coauthors":[8],"class_list":["post-8449","page","type-page","status-publish","hentry"],"_links":{"self":[{"href":"https:\/\/site.nord.no\/studenterssuksess\/wp-json\/wp\/v2\/pages\/8449","targetHints":{"allow":["GET"]}}],"collection":[{"href":"https:\/\/site.nord.no\/studenterssuksess\/wp-json\/wp\/v2\/pages"}],"about":[{"href":"https:\/\/site.nord.no\/studenterssuksess\/wp-json\/wp\/v2\/types\/page"}],"author":[{"embeddable":true,"href":"https:\/\/site.nord.no\/studenterssuksess\/wp-json\/wp\/v2\/users\/73"}],"replies":[{"embeddable":true,"href":"https:\/\/site.nord.no\/studenterssuksess\/wp-json\/wp\/v2\/comments?post=8449"}],"version-history":[{"count":4,"href":"https:\/\/site.nord.no\/studenterssuksess\/wp-json\/wp\/v2\/pages\/8449\/revisions"}],"predecessor-version":[{"id":8546,"href":"https:\/\/site.nord.no\/studenterssuksess\/wp-json\/wp\/v2\/pages\/8449\/revisions\/8546"}],"wp:attachment":[{"href":"https:\/\/site.nord.no\/studenterssuksess\/wp-json\/wp\/v2\/media?parent=8449"}],"wp:term":[{"taxonomy":"author","embeddable":true,"href":"https:\/\/site.nord.no\/studenterssuksess\/wp-json\/wp\/v2\/coauthors?post=8449"}],"curies":[{"name":"wp","href":"https:\/\/api.w.org\/{rel}","templated":true}]}}