{"id":845,"date":"2021-12-20T10:35:35","date_gmt":"2021-12-20T09:35:35","guid":{"rendered":"https:\/\/blogg.nord.no\/studenterssuksess\/?page_id=845"},"modified":"2021-12-21T15:23:51","modified_gmt":"2021-12-21T14:23:51","slug":"oversikt-over-innlegg-knyttet-til-utdanningsledelse-organisasjonsendring","status":"publish","type":"page","link":"https:\/\/site.nord.no\/studenterssuksess\/oversikt-over-innlegg-knyttet-til-utdanningsledelse-organisasjonsendring\/","title":{"rendered":"Oversikt over innlegg knyttet til utdanningsledelse og organisasjonsendring"},"content":{"rendered":"<p>Her har vi invitert utdanningsledere fra ulike niv\u00e5 til \u00e5 dele sine erfaringer og legge opp til diskusjon om utfordringene med \u00e5 skape endring i organisasjonen. W11 dreier seg om endring ved et helt l\u00e6rested sett fra rollen til prorektor og ogs\u00e5 med samarbeidet med samskipnaden. W7 tar for seg endringer p\u00e5 programniv\u00e5 og W5 endringer gjennom prosjekt i en st\u00f8rre organisasjon. I tillegg har vi her tatt med sesjoner som utdanningsledere trolig vil finne spesielt interessante.<\/p>\n<h2>PARALLELLE SESJONER 1.<\/h2>\n<p><a href=\"https:\/\/site.nord.no\/studenterssuksess\/w5-mentordning-fra-spredte-piloter-til-fullskala-satsing\/\">W5 \u2013 Mentordning \u2013 fra spredte piloter til fullskala satsing<\/a><br \/>\nSeminarrom A126<br \/>\nLinda Herfindal Lien og \u00d8ystein Sandven<br \/>\nUniversitetet i Bergen og Sammen<\/p>\n<h2>PARALLELLE SESJONER 2.<\/h2>\n<p><a href=\"https:\/\/site.nord.no\/studenterssuksess\/w11-vi-ma-gjore-noe-med-frafallet\/\">W11 \u2013 Vi m\u00e5 gj\u00f8re noe med frafallet<\/a><br \/>\nSeminarrom A103<br \/>\n\u00d8ystein St\u00f8rsmnes og Grete Lysfjord<br \/>\nNord universitet og Studentinord<\/p>\n<h2>PARALLELLE SESJONER 3.<\/h2>\n<p><a href=\"https:\/\/site.nord.no\/studenterssuksess\/p8-studiestart-hvilke-faktorer-er-viktige-for-suksess-i-hoyere-utdanning\/\">P8 \u2013 Studiestart: Hvilke faktorer er viktige for suksess i h\u00f8yere utdanning?<\/a><br \/>\nAuditorium 7<br \/>\nP\u00e5l Bakken<br \/>\nNOKUT<\/p>\n<p><a href=\"https:\/\/site.nord.no\/studenterssuksess\/p9-en-studie-av-forhold-som-kan-ha-innvirkning-pa-studenters-gjennomforing-av-hoyere-utdanning\/\">P9 \u2013 En studie av forhold som kan ha innvirkning p\u00e5 studenters gjennomf\u00f8ring av h\u00f8yere utdanning<\/a><br \/>\nAuditorium 7<br \/>\nAndreas Hagen<br \/>\nNTNU<\/p>\n<h2>PARALLELLE SESJONER 4.<\/h2>\n<p><a href=\"https:\/\/site.nord.no\/studenterssuksess\/w3-shot-18-og-utviklingen-i-studenters-psykiske-helse-hvordan-kan-vi-forebygge\/\">W3 \u2013 SHoT 18 og utviklingen i studenters psykiske helse \u2013 hvordan kan vi forebygge?<\/a><br \/>\nSeminarrom A103<br \/>\nHege R\u00e5kil<br \/>\nStudentsamskipnadene p\u00e5 Vestlandet (Sammen)<\/p>\n<h2>PARALLELLE SESJONER 5.<\/h2>\n<p><a href=\"https:\/\/site.nord.no\/studenterssuksess\/w7-utfordringer-med-a-endre-mottaket-av-nye-studenter-pa-programnivaet\/\">W7 \u2013 Utfordringer med \u00e5 endre mottaket av nye studenter p\u00e5 programniv\u00e5et<\/a><br \/>\nSeminarrom A103<br \/>\nMax Gythfeldt, Karin Berner og Per Einar S\u00e6bbe<br \/>\nUniversitetet i S\u00f8r\u00f8st-Norge og Universitetet i Stavanger<\/p>\n","protected":false},"excerpt":{"rendered":"<p>Her har vi invitert utdanningsledere fra ulike niv\u00e5 til \u00e5 dele sine erfaringer og legge opp til diskusjon om utfordringene med \u00e5 skape endring i organisasjonen. W11 dreier seg om [&hellip;]<\/p>\n","protected":false},"author":75,"featured_media":0,"parent":0,"menu_order":0,"comment_status":"closed","ping_status":"closed","template":"","meta":{"footnotes":""},"coauthors":[3],"class_list":["post-845","page","type-page","status-publish","hentry"],"_links":{"self":[{"href":"https:\/\/site.nord.no\/studenterssuksess\/wp-json\/wp\/v2\/pages\/845","targetHints":{"allow":["GET"]}}],"collection":[{"href":"https:\/\/site.nord.no\/studenterssuksess\/wp-json\/wp\/v2\/pages"}],"about":[{"href":"https:\/\/site.nord.no\/studenterssuksess\/wp-json\/wp\/v2\/types\/page"}],"author":[{"embeddable":true,"href":"https:\/\/site.nord.no\/studenterssuksess\/wp-json\/wp\/v2\/users\/75"}],"replies":[{"embeddable":true,"href":"https:\/\/site.nord.no\/studenterssuksess\/wp-json\/wp\/v2\/comments?post=845"}],"version-history":[{"count":5,"href":"https:\/\/site.nord.no\/studenterssuksess\/wp-json\/wp\/v2\/pages\/845\/revisions"}],"predecessor-version":[{"id":867,"href":"https:\/\/site.nord.no\/studenterssuksess\/wp-json\/wp\/v2\/pages\/845\/revisions\/867"}],"wp:attachment":[{"href":"https:\/\/site.nord.no\/studenterssuksess\/wp-json\/wp\/v2\/media?parent=845"}],"wp:term":[{"taxonomy":"author","embeddable":true,"href":"https:\/\/site.nord.no\/studenterssuksess\/wp-json\/wp\/v2\/coauthors?post=845"}],"curies":[{"name":"wp","href":"https:\/\/api.w.org\/{rel}","templated":true}]}}