{"id":1660,"date":"2022-11-29T09:47:44","date_gmt":"2022-11-29T08:47:44","guid":{"rendered":"https:\/\/site.nord.no\/studorg\/?page_id=1660"},"modified":"2025-12-01T11:13:56","modified_gmt":"2025-12-01T10:13:56","slug":"engasjer-deg","status":"publish","type":"page","link":"https:\/\/site.nord.no\/studorg\/soh\/engasjer-deg\/","title":{"rendered":"Engasjer deg!"},"content":{"rendered":"\n<p>Her vil du finne informasjon om ledige verv i styrer og utvalg. Du kan ogs\u00e5 sjekke ut <a href=\"https:\/\/site.nord.no\/studorg\/son\/ledige-verv\/\">Studentorganisasjonen Nord sin side<\/a> for ledige studentverv ved Nord Universitet. <br><br>Nedenfor finner du en oversikt over ulike aktivitetstilbud og interessegrupper du kan engasjere deg i lokalt!<\/p>\n\n\n\n<div style=\"height:27px\" aria-hidden=\"true\" class=\"wp-block-spacer\"><\/div>\n\n\n\n<div class=\"wp-block-columns is-layout-flex wp-container-core-columns-is-layout-28f84493 wp-block-columns-is-layout-flex\">\n<div class=\"wp-block-column is-layout-flow wp-block-column-is-layout-flow\">\n<h2 class=\"wp-block-heading\">Mo i Rana<\/h2>\n\n\n\n<div style=\"height:19px\" aria-hidden=\"true\" class=\"wp-block-spacer\"><\/div>\n\n\n\n<h5 class=\"wp-block-heading\">Campus Helgeland Spillforening (Inaktiv)<\/h5>\n\n\n\n<p>Spillforeningen driver med en hel rekke brettspill, tabletop gaming, PC-turneringer og mer. De er organisert som en vennegjeng med studenter med like interesser og m\u00f8tes et par ganger i m\u00e5neden. Du finner mer informasjon og kan ta kontakt med dem via <a href=\"https:\/\/www.facebook.com\/groups\/706129753997154\">deres Facebookside<\/a>.<\/p>\n\n\n\n<div style=\"height:8px\" aria-hidden=\"true\" class=\"wp-block-spacer\"><\/div>\n\n\n\n<h5 class=\"wp-block-heading\">Mo i Rana Studentkor  (Inaktiv)<\/h5>\n\n\n\n<p>Mo i Rana Studentkor er det lokale studentkoret og drives av og for studenter. Du finner mer informasjon om samlingstider og kontaktinformasjon p\u00e5 deres Facebookside.<\/p>\n\n\n\n<div style=\"height:8px\" aria-hidden=\"true\" class=\"wp-block-spacer\"><\/div>\n\n\n\n<h5 class=\"wp-block-heading\">Mo i Rana Studentenes Idrettslag (MOSI) (Inaktiv)<\/h5>\n\n\n\n<p>MOSI er det lokale studentidrettslaget i Mo i Rana, og drives av og for studenter. De har \u00f8vingstid \u00e9n gang i uken, og varierer hvilken aktivitet som avholdes. Du har ogs\u00e5 mulighet til \u00e5 starte opp en treningsgruppe med spesifikk sport gjennom MOSI. Du finner mer informasjon og kan ta kontakt med dem via deres Facebookside. <\/p>\n\n\n\n<h5 class=\"wp-block-heading\">Velferdsutvalget (SOH) <\/h5>\n\n\n\n<p>Velferdsutvalget best\u00e5r av en gjeng engasjerte hjelpere, og er tilknyttet styret i Sudentorganisasjonen Helgeland. Utvalget jobber med alt av arrangementer og andre velferdstiltak som SOH arrangerer, og bidrar ogs\u00e5 aktivt inn i id\u00e9prosessen for hva som skal arrangeres. Dersom du er interessert i \u00e5 v\u00e6re med, ta kontakt med oss i SOH via v\u00e5r <a href=\"https:\/\/www.facebook.com\/SOHNord\">Facebookside<\/a>.<\/p>\n<\/div>\n\n\n\n<div class=\"wp-block-column is-layout-flow wp-block-column-is-layout-flow\">\n<h2 class=\"wp-block-heading\">Nesna<\/h2>\n\n\n\n<div style=\"height:19px\" aria-hidden=\"true\" class=\"wp-block-spacer\"><\/div>\n\n\n\n<h5 class=\"wp-block-heading\">Nesna Studentr\u00e5d<\/h5>\n\n\n\n<p>Nesna Studentr\u00e5d jobber for \u00e5 sikre et godt studentmilj\u00f8, taler studentenes sak lokalt, og arrangerer sosiale aktiviteter og tiltak \u00e5ret rundt. Du finner mer informasjon p\u00e5 <a href=\"https:\/\/www.facebook.com\/SOHNesna\">deres Facebookside<\/a>.<\/p>\n<\/div>\n<\/div>\n","protected":false},"excerpt":{"rendered":"<p>Her vil du finne informasjon om ledige verv i styrer og utvalg. Du kan ogs\u00e5 sjekke ut Studentorganisasjonen Nord sin side for ledige studentverv ved Nord Universitet. Nedenfor finner du en oversikt over ulike aktivitetstilbud og interessegrupper du kan engasjere deg i lokalt! Mo i Rana Campus Helgeland Spillforening (Inaktiv) Spillforeningen driver med en hel [&hellip;]<\/p>\n","protected":false},"author":126,"featured_media":1702,"parent":224,"menu_order":0,"comment_status":"closed","ping_status":"closed","template":"","meta":{"footnotes":""},"coauthors":[23],"class_list":["post-1660","page","type-page","status-publish","has-post-thumbnail","hentry"],"_links":{"self":[{"href":"https:\/\/site.nord.no\/studorg\/wp-json\/wp\/v2\/pages\/1660","targetHints":{"allow":["GET"]}}],"collection":[{"href":"https:\/\/site.nord.no\/studorg\/wp-json\/wp\/v2\/pages"}],"about":[{"href":"https:\/\/site.nord.no\/studorg\/wp-json\/wp\/v2\/types\/page"}],"author":[{"embeddable":true,"href":"https:\/\/site.nord.no\/studorg\/wp-json\/wp\/v2\/users\/126"}],"replies":[{"embeddable":true,"href":"https:\/\/site.nord.no\/studorg\/wp-json\/wp\/v2\/comments?post=1660"}],"version-history":[{"count":15,"href":"https:\/\/site.nord.no\/studorg\/wp-json\/wp\/v2\/pages\/1660\/revisions"}],"predecessor-version":[{"id":5046,"href":"https:\/\/site.nord.no\/studorg\/wp-json\/wp\/v2\/pages\/1660\/revisions\/5046"}],"up":[{"embeddable":true,"href":"https:\/\/site.nord.no\/studorg\/wp-json\/wp\/v2\/pages\/224"}],"wp:featuredmedia":[{"embeddable":true,"href":"https:\/\/site.nord.no\/studorg\/wp-json\/wp\/v2\/media\/1702"}],"wp:attachment":[{"href":"https:\/\/site.nord.no\/studorg\/wp-json\/wp\/v2\/media?parent=1660"}],"wp:term":[{"taxonomy":"author","embeddable":true,"href":"https:\/\/site.nord.no\/studorg\/wp-json\/wp\/v2\/coauthors?post=1660"}],"curies":[{"name":"wp","href":"https:\/\/api.w.org\/{rel}","templated":true}]}}