{"id":215,"date":"2022-03-16T14:01:15","date_gmt":"2022-03-16T13:01:15","guid":{"rendered":"https:\/\/blogg.nord.no\/studorg\/?page_id=215"},"modified":"2025-08-20T13:24:20","modified_gmt":"2025-08-20T11:24:20","slug":"sob","status":"publish","type":"page","link":"https:\/\/site.nord.no\/studorg\/sob\/","title":{"rendered":"Studentorganisasjonen i Bod\u00f8"},"content":{"rendered":"\t\t<div data-elementor-type=\"wp-page\" data-elementor-id=\"215\" class=\"elementor elementor-215\" data-elementor-post-type=\"page\">\n\t\t\t\t<div class=\"elementor-element elementor-element-6992206 e-flex e-con-boxed e-con e-parent\" data-id=\"6992206\" data-element_type=\"container\" data-e-type=\"container\" data-settings=\"{&quot;background_background&quot;:&quot;classic&quot;}\">\n\t\t\t\t\t<div class=\"e-con-inner\">\n\t\t<div class=\"elementor-element elementor-element-3d9facb e-con-full e-flex e-con e-child\" data-id=\"3d9facb\" data-element_type=\"container\" data-e-type=\"container\">\n\t\t<div class=\"elementor-element elementor-element-89b249b e-con-full e-flex e-con e-child\" data-id=\"89b249b\" data-element_type=\"container\" data-e-type=\"container\">\n\t\t<div class=\"elementor-element elementor-element-7c75779 e-con-full e-flex e-con e-child\" data-id=\"7c75779\" data-element_type=\"container\" data-e-type=\"container\" data-settings=\"{&quot;background_background&quot;:&quot;classic&quot;}\">\n\t\t\t\t<div class=\"elementor-element elementor-element-eee4b83 elementor-widget elementor-widget-heading\" data-id=\"eee4b83\" data-element_type=\"widget\" data-e-type=\"widget\" data-widget_type=\"heading.default\">\n\t\t\t\t<div class=\"elementor-widget-container\">\n\t\t\t\t\t<h1 class=\"elementor-heading-title elementor-size-default\">Studentorganisasjonen i Bod\u00f8<\/h1>\t\t\t\t<\/div>\n\t\t\t\t<\/div>\n\t\t\t\t<\/div>\n\t\t<div class=\"elementor-element elementor-element-ebd910f e-con-full e-flex e-con e-child\" data-id=\"ebd910f\" data-element_type=\"container\" data-e-type=\"container\" data-settings=\"{&quot;background_background&quot;:&quot;classic&quot;}\">\n\t\t\t\t<div class=\"elementor-element elementor-element-47cfba8 elementor-widget elementor-widget-spacer\" data-id=\"47cfba8\" data-element_type=\"widget\" data-e-type=\"widget\" data-widget_type=\"spacer.default\">\n\t\t\t\t<div class=\"elementor-widget-container\">\n\t\t\t\t\t\t\t<div class=\"elementor-spacer\">\n\t\t\t<div class=\"elementor-spacer-inner\"><\/div>\n\t\t<\/div>\n\t\t\t\t\t\t<\/div>\n\t\t\t\t<\/div>\n\t\t\t\t<\/div>\n\t\t\t\t<\/div>\n\t\t\t\t<div class=\"elementor-element elementor-element-c2e32f9 elementor-widget elementor-widget-text-editor\" data-id=\"c2e32f9\" data-element_type=\"widget\" data-e-type=\"widget\" data-widget_type=\"text-editor.default\">\n\t\t\t\t<div class=\"elementor-widget-container\">\n\t\t\t\t\t\t\t\t\t<p>Hendelser og siste nytt<\/p>\t\t\t\t\t\t\t\t<\/div>\n\t\t\t\t<\/div>\n\t\t\t\t<div class=\"elementor-element elementor-element-887b224 elementor-posts--align-center elementor-grid-3 elementor-grid-tablet-2 elementor-grid-mobile-1 elementor-posts--thumbnail-top elementor-widget elementor-widget-posts\" data-id=\"887b224\" data-element_type=\"widget\" data-e-type=\"widget\" data-settings=\"{&quot;classic_row_gap&quot;:{&quot;unit&quot;:&quot;px&quot;,&quot;size&quot;:&quot;25&quot;,&quot;sizes&quot;:[]},&quot;classic_columns&quot;:&quot;3&quot;,&quot;classic_columns_tablet&quot;:&quot;2&quot;,&quot;classic_columns_mobile&quot;:&quot;1&quot;,&quot;classic_row_gap_tablet&quot;:{&quot;unit&quot;:&quot;px&quot;,&quot;size&quot;:&quot;&quot;,&quot;sizes&quot;:[]},&quot;classic_row_gap_mobile&quot;:{&quot;unit&quot;:&quot;px&quot;,&quot;size&quot;:&quot;&quot;,&quot;sizes&quot;:[]}}\" data-widget_type=\"posts.classic\">\n\t\t\t\t<div class=\"elementor-widget-container\">\n\t\t\t\t\t\t\t<div class=\"elementor-posts-container elementor-posts elementor-posts--skin-classic elementor-grid\" role=\"list\">\n\t\t\t\t<article class=\"elementor-post elementor-grid-item post-3870 post type-post status-publish format-standard has-post-thumbnail hentry category-sob-engasjer-deg category-ledige-verv category-sob\" role=\"listitem\">\n\t\t\t\t<a class=\"elementor-post__thumbnail__link\" href=\"https:\/\/site.nord.no\/studorg\/sob\/vi-utlyser-verv\/\" tabindex=\"-1\" >\n\t\t\t<div class=\"elementor-post__thumbnail\"><img fetchpriority=\"high\" decoding=\"async\" width=\"768\" height=\"432\" src=\"https:\/\/site.nord.no\/studorg\/wp-content\/uploads\/sites\/28\/2024\/09\/fadderperioden-uka-sob.no_.png\" class=\"attachment-medium_large size-medium_large wp-image-4864\" alt=\"\" \/><\/div>\n\t\t<\/a>\n\t\t\t\t<div class=\"elementor-post__text\">\n\t\t\t\t<h3 class=\"elementor-post__title\">\n\t\t\t<a href=\"https:\/\/site.nord.no\/studorg\/sob\/vi-utlyser-verv\/\" >\n\t\t\t\tVI S\u00d8KER ETTER ENGASJERTE STUDENTER TIL UKA OG FADDERPERIODEN 2026!\u200b\t\t\t<\/a>\n\t\t<\/h3>\n\t\t\t\t<div class=\"elementor-post__excerpt\">\n\t\t\t<p>\u00d8nsker du \u00e5 v\u00e6re en del av fadderstyret eller UKA styret \u00e5 bidra til spennende arrangementer i 2026?<br \/>\nLes mer om de ulike vervene nedenfor.<\/p>\n\t\t<\/div>\n\t\t\n\t\t<a class=\"elementor-post__read-more\" href=\"https:\/\/site.nord.no\/studorg\/sob\/vi-utlyser-verv\/\" aria-label=\"Read more about VI S\u00d8KER ETTER ENGASJERTE STUDENTER TIL UKA OG FADDERPERIODEN 2026!\u200b\" tabindex=\"-1\" >\n\t\t\tLes mer \u00bb\t\t<\/a>\n\n\t\t\t\t<\/div>\n\t\t\t\t<\/article>\n\t\t\t\t<article class=\"elementor-post elementor-grid-item post-4447 post type-post status-publish format-standard has-post-thumbnail hentry category-sob category-sobs-hostsemester category-ukategorisert\" role=\"listitem\">\n\t\t\t\t<a class=\"elementor-post__thumbnail__link\" href=\"https:\/\/site.nord.no\/studorg\/ukategorisert\/sobs-hostsemester-2024\/\" tabindex=\"-1\" >\n\t\t\t<div class=\"elementor-post__thumbnail\"><img decoding=\"async\" width=\"768\" height=\"576\" src=\"https:\/\/site.nord.no\/studorg\/wp-content\/uploads\/sites\/28\/2025\/01\/471573464_613524737724797_6247788044029540936_n.jpg\" class=\"attachment-medium_large size-medium_large wp-image-4451\" alt=\"\" \/><\/div>\n\t\t<\/a>\n\t\t\t\t<div class=\"elementor-post__text\">\n\t\t\t\t<h3 class=\"elementor-post__title\">\n\t\t\t<a href=\"https:\/\/site.nord.no\/studorg\/ukategorisert\/sobs-hostsemester-2024\/\" >\n\t\t\t\tSOB&#8217;s h\u00f8stsemester 2024\t\t\t<\/a>\n\t\t<\/h3>\n\t\t\t\t<div class=\"elementor-post__excerpt\">\n\t\t\t<p>Kj\u00e6re Bod\u00f8studenter!&nbsp; Studentorganisasjonen i Bod\u00f8 (SOB) ser tilbake p\u00e5 et spennende h\u00f8stsemester, som har v\u00e6rt engasjerende, minneverdig og givende for studenter og engasjerte p\u00e5 Nord<\/p>\n\t\t<\/div>\n\t\t\n\t\t<a class=\"elementor-post__read-more\" href=\"https:\/\/site.nord.no\/studorg\/ukategorisert\/sobs-hostsemester-2024\/\" aria-label=\"Read more about SOB&#8217;s h\u00f8stsemester 2024\" tabindex=\"-1\" >\n\t\t\tLes mer \u00bb\t\t<\/a>\n\n\t\t\t\t<\/div>\n\t\t\t\t<\/article>\n\t\t\t\t<article class=\"elementor-post elementor-grid-item post-4329 post type-post status-publish format-standard has-post-thumbnail hentry category-sob category-studentting20242025 category-studentting\" role=\"listitem\">\n\t\t\t\t<a class=\"elementor-post__thumbnail__link\" href=\"https:\/\/site.nord.no\/studorg\/sob\/studentting-3\/\" tabindex=\"-1\" >\n\t\t\t<div class=\"elementor-post__thumbnail\"><img decoding=\"async\" width=\"768\" height=\"432\" src=\"https:\/\/site.nord.no\/studorg\/wp-content\/uploads\/sites\/28\/2024\/10\/3-1.png\" class=\"attachment-medium_large size-medium_large wp-image-4336\" alt=\"\" \/><\/div>\n\t\t<\/a>\n\t\t\t\t<div class=\"elementor-post__text\">\n\t\t\t\t<h3 class=\"elementor-post__title\">\n\t\t\t<a href=\"https:\/\/site.nord.no\/studorg\/sob\/studentting-3\/\" >\n\t\t\t\tStudentting 3\t\t\t<\/a>\n\t\t<\/h3>\n\t\t\t\t<div class=\"elementor-post__excerpt\">\n\t\t\t<p>Her ligger sakspapirene for Studentting 3 \u2013 2024\/2025: Saksapirer: Referat: Styrem\u00f8te 4 Innstilling fadderstyret Engelsk: Studentparlament 3 Boardmeeting protocoll<\/p>\n\t\t<\/div>\n\t\t\n\t\t<a class=\"elementor-post__read-more\" href=\"https:\/\/site.nord.no\/studorg\/sob\/studentting-3\/\" aria-label=\"Read more about Studentting 3\" tabindex=\"-1\" >\n\t\t\tLes mer \u00bb\t\t<\/a>\n\n\t\t\t\t<\/div>\n\t\t\t\t<\/article>\n\t\t\t\t<\/div>\n\t\t\n\t\t\t\t\t\t<\/div>\n\t\t\t\t<\/div>\n\t\t<div class=\"elementor-element elementor-element-eca8168 e-con-full e-flex e-con e-child\" data-id=\"eca8168\" data-element_type=\"container\" data-e-type=\"container\">\n\t\t\t\t<div class=\"elementor-element elementor-element-9448df1 elementor-widget__width-inherit elementor-widget elementor-widget-facebook-page\" data-id=\"9448df1\" data-element_type=\"widget\" data-e-type=\"widget\" data-widget_type=\"facebook-page.default\">\n\t\t\t\t<div class=\"elementor-widget-container\">\n\t\t\t\t\t<div class=\"elementor-facebook-widget fb-page\" data-href=\"https:\/\/www.facebook.com\/studentibodo\/about\" data-tabs=\"\" data-height=\"139px\" data-width=\"500px\" data-small-header=\"false\" data-hide-cover=\"false\" data-show-facepile=\"false\" data-hide-cta=\"true\" style=\"min-height: 1px;height:139px\"><\/div>\t\t\t\t<\/div>\n\t\t\t\t<\/div>\n\t\t\t\t<\/div>\n\t\t\t\t<\/div>\n\t\t\t\t\t<\/div>\n\t\t\t\t<\/div>\n\t\t<div class=\"elementor-element elementor-element-4b32e59 e-flex e-con-boxed e-con e-parent\" data-id=\"4b32e59\" data-element_type=\"container\" data-e-type=\"container\">\n\t\t\t\t\t<div class=\"e-con-inner\">\n\t\t\t\t\t<\/div>\n\t\t\t\t<\/div>\n\t\t\t\t<\/div>\n\t\t","protected":false},"excerpt":{"rendered":"<p>Hendelser og siste nytt studorgbodo Studentorganisasjonen i Bod\u00f8 (SOB) jobber for studentene, for dine rettigheter &#8211; b\u00e5de faglig og sosialt \ud83c\udf93 GIVEAWAY\ud83e\udd29\ud83c\udf89 Trenger du et avbrekk fra eksame Vi arrangerer Winter Games p\u00e5 L\u00f8rdag 22. mars fr Tiden er inne\ud83e\udd29 Vi trer av og et nytt styre skal Vi er klare for back to school-week!!! [&hellip;]<\/p>\n","protected":false},"author":75,"featured_media":975,"parent":0,"menu_order":0,"comment_status":"closed","ping_status":"closed","template":"elementor_header_footer","meta":{"footnotes":""},"coauthors":[5],"class_list":["post-215","page","type-page","status-publish","has-post-thumbnail","hentry"],"_links":{"self":[{"href":"https:\/\/site.nord.no\/studorg\/wp-json\/wp\/v2\/pages\/215","targetHints":{"allow":["GET"]}}],"collection":[{"href":"https:\/\/site.nord.no\/studorg\/wp-json\/wp\/v2\/pages"}],"about":[{"href":"https:\/\/site.nord.no\/studorg\/wp-json\/wp\/v2\/types\/page"}],"author":[{"embeddable":true,"href":"https:\/\/site.nord.no\/studorg\/wp-json\/wp\/v2\/users\/75"}],"replies":[{"embeddable":true,"href":"https:\/\/site.nord.no\/studorg\/wp-json\/wp\/v2\/comments?post=215"}],"version-history":[{"count":113,"href":"https:\/\/site.nord.no\/studorg\/wp-json\/wp\/v2\/pages\/215\/revisions"}],"predecessor-version":[{"id":4786,"href":"https:\/\/site.nord.no\/studorg\/wp-json\/wp\/v2\/pages\/215\/revisions\/4786"}],"wp:featuredmedia":[{"embeddable":true,"href":"https:\/\/site.nord.no\/studorg\/wp-json\/wp\/v2\/media\/975"}],"wp:attachment":[{"href":"https:\/\/site.nord.no\/studorg\/wp-json\/wp\/v2\/media?parent=215"}],"wp:term":[{"taxonomy":"author","embeddable":true,"href":"https:\/\/site.nord.no\/studorg\/wp-json\/wp\/v2\/coauthors?post=215"}],"curies":[{"name":"wp","href":"https:\/\/api.w.org\/{rel}","templated":true}]}}