{"id":2298,"date":"2023-01-05T14:28:49","date_gmt":"2023-01-05T13:28:49","guid":{"rendered":"https:\/\/site.nord.no\/studorg\/?page_id=2298"},"modified":"2025-09-08T12:40:29","modified_gmt":"2025-09-08T10:40:29","slug":"styret-i-studentorganisasjonen-nord","status":"publish","type":"page","link":"https:\/\/site.nord.no\/studorg\/son\/styret-i-studentorganisasjonen-nord\/","title":{"rendered":"Styret i Studentorganisasjonen Nord"},"content":{"rendered":"\n<p class=\"has-black-color has-text-color\">Studentorganisasjonen Nord (SON) er det \u00f8verste studentpolitiske organet ved Nord universitet. SON jobber for \u00e5 ivareta v\u00e5re studenters interesser, og skal v\u00e6re deres taler\u00f8r opp mot universitetet, studentsamskipnaden og andre akt\u00f8rer.<\/p>\n\n\n\n<p class=\"has-black-color has-text-color\">Styret i Studentorganisasjonen Nord best\u00e5r av:<\/p>\n\n\n\n<ul class=\"wp-block-list\">\n<li>Leder<\/li>\n\n\n\n<li>Nestleder<\/li>\n\n\n\n<li>Fag- og l\u00e6ringsmilj\u00f8ansvarling<\/li>\n<\/ul>\n\n\n\n<div style=\"height:28px\" aria-hidden=\"true\" class=\"wp-block-spacer\"><\/div>\n\n\n\n<p class=\"has-black-color has-text-color\">I tillegg tiltrer de regionale studentlederne automatisk sentralstyret.<\/p>\n\n\n\n<div style=\"height:28px\" aria-hidden=\"true\" class=\"wp-block-spacer\"><\/div>\n\n\n\n<h4 class=\"wp-block-heading has-black-color has-text-color\">Leder<\/h4>\n\n\n\n<p class=\"has-black-color has-text-color\">Leder l\u00f8nnes i en 100% stilling<\/p>\n\n\n\n<p class=\"has-black-color has-text-color\">Leder er stemmen til alle studentene ved Nord universitet, og har hovedansvar for den daglige driften av organisasjonen. Som leder vil du ha kontinuerlig dialog med administrasjonen og ledelsen ved Nord universitet og Studentinord. Du vil f\u00e5 erfaring med ledelse og utvikling av organisasjonen, samt f\u00e5 muligheten til \u00e5 reise p\u00e5 de ulike studiestedene og komme i kontakt med engasjerte studenter. Dette vervet vil gi deg en berikelse p\u00e5 din CV og du vil v\u00e6re en viktig person for alle studentene. <\/p>\n\n\n\n<div style=\"height:28px\" aria-hidden=\"true\" class=\"wp-block-spacer\"><\/div>\n\n\n\n<h4 class=\"wp-block-heading has-black-color has-text-color\">Nestleder<\/h4>\n\n\n\n<p class=\"has-black-color has-text-color\">Nestleder l\u00f8nnes i en 40% stilling<\/p>\n\n\n\n<p class=\"has-black-color has-text-color\">Nestleder er leders h\u00f8yre h\u00e5nd, og skal hjelpe til med leders gj\u00f8rem\u00e5l og v\u00e6re stedfortreder n\u00e5r leder er frav\u00e6rende. Som nestleder s\u00e5 vil du ha kontinuerlig dialog med leder og andre studentengasjerte. Du vil f\u00e5 erfaring med organisasjonsarbeid og en innsikt og erfaring med lederverv. Dette vervet kan v\u00e6re en god m\u00e5te \u00e5 utvikle seg som studentengasjert. <\/p>\n\n\n\n<h4 class=\"wp-block-heading has-black-color has-text-color\"><\/h4>\n\n\n\n<h4 class=\"wp-block-heading has-medium-font-size\"><strong>Fag- og l\u00e6ringsmilj\u00f8ansvarlig<\/strong><\/h4>\n\n\n\n<p>Honoreres av universitetet gjennom r\u00e5d og utvalg, omtrent 500kr\/t. Frivillig arbeid m\u00e5 p\u00e5beregnes i tillegg til dette.<\/p>\n\n\n\n<p>Den viktigste oppgaven til fag- og l\u00e6ringsmilj\u00f8ansvarlig er jobben som gj\u00f8res i de forskjellige r\u00e5d og utvalgene den vil sitte i p\u00e5 universitetet (utdanningstvalget, l\u00e6ringsmilj\u00f8utvalget, internasjonalt utvalg og likestilling-, mangfold- og inkluderingsutvalget. Les mer om disse <a href=\"https:\/\/site.nord.no\/studorg\/son\/rad-styrer-og-utvalg\/\" data-type=\"link\" data-id=\"https:\/\/site.nord.no\/studorg\/son\/rad-styrer-og-utvalg\/\">her<\/a>.). Disse arenaene er et av stedene vi i studentdemokratiet har st\u00f8rst mulighet til \u00e5 p\u00e5virke, og derfor blir dette en spennende og viktig rolle! Rollen har ansvar for at styret har god kommunikasjon med de andre studentrepresentantene i forskjellige r\u00e5d og utvalg.<\/p>\n\n\n\n<div style=\"height:28px\" aria-hidden=\"true\" class=\"wp-block-spacer\"><\/div>\n\n\n\n<div class=\"wp-block-buttons is-layout-flex wp-block-buttons-is-layout-flex\"><\/div>\n\n\n\n<div style=\"height:28px\" aria-hidden=\"true\" class=\"wp-block-spacer\"><\/div>\n\n\n\n<p>For mer informasjon om de ulike vervene i styret, se p\u00e5 v\u00e5re <a href=\"https:\/\/site.nord.no\/studorg\/wp-content\/uploads\/sites\/28\/2022\/06\/forskrift_for_studentorganisasjonen_nord.pdf\" data-type=\"URL\" data-id=\"https:\/\/site.nord.no\/studorg\/wp-content\/uploads\/sites\/28\/2022\/06\/forskrift_for_studentorganisasjonen_nord.pdf\">forskrifter<\/a><\/p>\n\n\n\n<div style=\"height:28px\" aria-hidden=\"true\" class=\"wp-block-spacer\"><\/div>\n","protected":false},"excerpt":{"rendered":"<p>Studentorganisasjonen Nord (SON) er det \u00f8verste studentpolitiske organet ved Nord universitet. SON jobber for \u00e5 ivareta v\u00e5re studenters interesser, og skal v\u00e6re deres taler\u00f8r opp mot universitetet, studentsamskipnaden og andre akt\u00f8rer. Styret i Studentorganisasjonen Nord best\u00e5r av: I tillegg tiltrer de regionale studentlederne automatisk sentralstyret. Leder Leder l\u00f8nnes i en 100% stilling Leder er stemmen [&hellip;]<\/p>\n","protected":false},"author":102,"featured_media":1311,"parent":221,"menu_order":0,"comment_status":"closed","ping_status":"closed","template":"","meta":{"footnotes":""},"coauthors":[19],"class_list":["post-2298","page","type-page","status-publish","has-post-thumbnail","hentry"],"_links":{"self":[{"href":"https:\/\/site.nord.no\/studorg\/wp-json\/wp\/v2\/pages\/2298","targetHints":{"allow":["GET"]}}],"collection":[{"href":"https:\/\/site.nord.no\/studorg\/wp-json\/wp\/v2\/pages"}],"about":[{"href":"https:\/\/site.nord.no\/studorg\/wp-json\/wp\/v2\/types\/page"}],"author":[{"embeddable":true,"href":"https:\/\/site.nord.no\/studorg\/wp-json\/wp\/v2\/users\/102"}],"replies":[{"embeddable":true,"href":"https:\/\/site.nord.no\/studorg\/wp-json\/wp\/v2\/comments?post=2298"}],"version-history":[{"count":16,"href":"https:\/\/site.nord.no\/studorg\/wp-json\/wp\/v2\/pages\/2298\/revisions"}],"predecessor-version":[{"id":4821,"href":"https:\/\/site.nord.no\/studorg\/wp-json\/wp\/v2\/pages\/2298\/revisions\/4821"}],"up":[{"embeddable":true,"href":"https:\/\/site.nord.no\/studorg\/wp-json\/wp\/v2\/pages\/221"}],"wp:featuredmedia":[{"embeddable":true,"href":"https:\/\/site.nord.no\/studorg\/wp-json\/wp\/v2\/media\/1311"}],"wp:attachment":[{"href":"https:\/\/site.nord.no\/studorg\/wp-json\/wp\/v2\/media?parent=2298"}],"wp:term":[{"taxonomy":"author","embeddable":true,"href":"https:\/\/site.nord.no\/studorg\/wp-json\/wp\/v2\/coauthors?post=2298"}],"curies":[{"name":"wp","href":"https:\/\/api.w.org\/{rel}","templated":true}]}}