{"id":2316,"date":"2023-01-05T15:47:09","date_gmt":"2023-01-05T14:47:09","guid":{"rendered":"https:\/\/site.nord.no\/studorg\/?page_id=2316"},"modified":"2024-02-23T10:38:02","modified_gmt":"2024-02-23T09:38:02","slug":"valg-rad-styrer-og-utvalg","status":"publish","type":"page","link":"https:\/\/site.nord.no\/studorg\/son\/valg-rad-styrer-og-utvalg\/","title":{"rendered":"R\u00e5d, styrer og utvalg"},"content":{"rendered":"\n<p class=\"has-black-color has-text-color\">Alle verv varer fra 1. juli til 31. juni, hvis ikke annet er spesifisert<\/p>\n\n\n\n<div style=\"height:28px\" aria-hidden=\"true\" class=\"wp-block-spacer\"><\/div>\n\n\n\n<figure class=\"wp-block-image size-full\"><a href=\"https:\/\/docs.google.com\/forms\/d\/e\/1FAIpQLSdIK4ryRyAdh1qxSQITL0oxCYRKAcuFOOvYBdWBm5oiIzSrtg\/viewform\"><img fetchpriority=\"high\" decoding=\"async\" width=\"1600\" height=\"400\" src=\"https:\/\/site.nord.no\/studorg\/wp-content\/uploads\/sites\/28\/2023\/01\/Valgsoknad-header.png\" alt=\"\" class=\"wp-image-2232\" \/><\/a><figcaption class=\"wp-element-caption\"><a href=\"https:\/\/docs.google.com\/forms\/d\/e\/1FAIpQLSdIK4ryRyAdh1qxSQITL0oxCYRKAcuFOOvYBdWBm5oiIzSrtg\/viewform\" data-type=\"link\" data-id=\"https:\/\/docs.google.com\/forms\/d\/e\/1FAIpQLSdIK4ryRyAdh1qxSQITL0oxCYRKAcuFOOvYBdWBm5oiIzSrtg\/viewform\">Trykk her for \u00e5 s\u00f8ke p\u00e5 ledige verv!<\/a><\/figcaption><\/figure>\n\n\n\n<div style=\"height:28px\" aria-hidden=\"true\" class=\"wp-block-spacer\"><\/div>\n\n\n\n<h4 class=\"wp-block-heading has-black-color has-text-color\">Universitetsstyret<\/h4>\n\n\n\n<p class=\"has-black-color has-text-color\">2 faste representanter<\/p>\n\n\n\n<p class=\"has-black-color has-text-color\">2 vara<\/p>\n\n\n\n<p class=\"has-black-color has-text-color\">Representantene <a href=\"https:\/\/khrono.no\/files\/2022\/03\/11\/Justering%20av%20styregodtgj%C3%B8relse%20fr%C3%A5%201.%20januar%202022.PDF\" data-type=\"URL\" data-id=\"https:\/\/khrono.no\/files\/2022\/03\/11\/Justering%20av%20styregodtgj%C3%B8relse%20fr%C3%A5%201.%20januar%202022.PDF\" target=\"_blank\" rel=\"noreferrer noopener\">honoreres <\/a>etter m\u00f8tedeltakelse, og en \u00e5rlig godtgj\u00f8relse <\/p>\n\n\n\n<p class=\"has-black-color has-text-color\">M\u00f8tehyppighet: Ca. 6-7 m\u00f8ter i l\u00f8pet av \u00e5ret<\/p>\n\n\n\n<p class=\"has-black-color has-text-color\">Styret ved Nord universitet er det \u00f8verste styringsorganet. Styret har ansvar for at virksomheten holder h\u00f8y faglig kvalitet, og at universitetet blir drevet effektivt og i samsvar med gjeldende lover, forskrifter og regelverk. Styret legger strategi, m\u00e5l og resultatkrav for virksomheten, og skal og p\u00e5se at driften er i tr\u00e5d med dette. Styret er ogs\u00e5 ansvarlig for disponering av de \u00f8konomiske ressursene og for kontroll og rapportering.<\/p>\n\n\n\n<p>Mer informasjon om <a href=\"https:\/\/www.nord.no\/no\/om-oss\/universitetet\/universitetsledelse\/styret\" data-type=\"URL\" data-id=\"https:\/\/www.nord.no\/no\/om-oss\/universitetet\/universitetsledelse\/styret\">universitetsstyret<\/a><\/p>\n\n\n\n<div style=\"height:28px\" aria-hidden=\"true\" class=\"wp-block-spacer\"><\/div>\n\n\n\n<h4 class=\"wp-block-heading has-black-color has-text-color\">Styret i Studentinord <\/h4>\n\n\n\n<p class=\"has-black-color has-text-color\">2 faste representanter<\/p>\n\n\n\n<p class=\"has-black-color has-text-color\">4 vara<\/p>\n\n\n\n<p class=\"has-black-color has-text-color\">Styret velger en styreleder og nestleder blant studentene, disse f\u00e5r ekstra godtgj\u00f8relse<\/p>\n\n\n\n<p class=\"has-black-color has-text-color\">Styreleder: 120 000kr i \u00e5ret<\/p>\n\n\n\n<p class=\"has-black-color has-text-color\">Nestleder: 55 000kr i \u00e5ret<\/p>\n\n\n\n<p class=\"has-black-color has-text-color\">Styremedlemmer: 3000kr i m\u00e5neden<\/p>\n\n\n\n<p class=\"has-black-color has-text-color\">M\u00f8tehyppighet: Ca. 5 m\u00f8ter i l\u00f8pet av \u00e5ret<\/p>\n\n\n\n<p class=\"has-black-color has-text-color\">Varighet: 2 \u00e5r fra 1. mai 2023 til 30. april 2025<\/p>\n\n\n\n<p class=\"has-black-color has-text-color\">Som styremedlem i Studentinord har du direkte innflytelse p\u00e5 studentlivet til alle Nord- og Politih\u00f8gskolen Bod\u00f8-studenter. Studentene har flertall i styret, og b\u00e5de styrets leder og nestleder velges blant studentene. Du f\u00e5r omfattende kursing i styrearbeid gjennom styreperioden, og ikke minst verdifull erfaring for arbeidslivet. &nbsp;Ta gjerne kontakt med n\u00e5v\u00e6rende studentrepresentanter hvis du har sp\u00f8rsm\u00e5l om styrearbeidet.<\/p>\n\n\n\n<p>Mer informasjon om <a href=\"https:\/\/www.studentinord.no\/styret\" data-type=\"URL\" data-id=\"https:\/\/www.studentinord.no\/styret\" target=\"_blank\" rel=\"noreferrer noopener\">styret i Studentinord<\/a><\/p>\n\n\n\n<div style=\"height:28px\" aria-hidden=\"true\" class=\"wp-block-spacer\"><\/div>\n\n\n\n<h4 class=\"wp-block-heading has-black-color has-text-color\">SEA-EU &#8211; Student council <\/h4>\n\n\n\n<p class=\"has-black-color has-text-color\">2 faste representanter (1 for ett \u00e5r, 1 for to \u00e5r)<\/p>\n\n\n\n<p class=\"has-black-color has-text-color\">Representantene honoreres for m\u00f8tetid og forberedelser etter statens satser <\/p>\n\n\n\n<p class=\"has-black-color has-text-color\">M\u00f8tehyppighet: En uke i l\u00f8pet av semesteret, i tillegg til digitale m\u00f8ter ved behov<\/p>\n\n\n\n<p class=\"has-black-color has-text-color\">I 2022 gikk Nord universitet inn i en europeisk universitetsallianse med 8 andre universiteter spredd rundt i Europa. SEA-EU skal styrke det kystn\u00e6re forsknings- og utdanningsfeltet, og sammen skal alliansen fremme andre sentrale samarbeidsomr\u00e5der som internasjonalisering, b\u00e6rekraft, digital transformasjon, \u00e5penhet og demokrati m.m. Siktem\u00e5let er \u00e5 bli en internasjonal rollemodell for samhandling innen EU, og et viktig grep for alliansen er \u00e5 heve forskningsaktiviteten.<\/p>\n\n\n\n<p class=\"has-black-color has-text-color\">Som representant i student council vil du samarbeide med 16 andre studenter fra Europa om \u00e5 v\u00e6re studentstemmen i alliansen. Du vil dra p\u00e5 en reise i semesteret til ett av universitetene, og delta p\u00e5 digitale m\u00f8ter med de andre studentene. <\/p>\n\n\n\n<p>Mer informasjon om <a rel=\"noreferrer noopener\" href=\"https:\/\/www.nord.no\/no\/aktuelt\/nyheter\/Sider\/Nord-universitet-inn-i-europeisk-universitetsallianse.aspx\" data-type=\"URL\" data-id=\"https:\/\/www.nord.no\/no\/aktuelt\/nyheter\/Sider\/Nord-universitet-inn-i-europeisk-universitetsallianse.aspx\" target=\"_blank\">SEA-EU<\/a><\/p>\n\n\n\n<div style=\"height:28px\" aria-hidden=\"true\" class=\"wp-block-spacer\"><\/div>\n\n\n\n<h4 class=\"wp-block-heading has-black-color has-text-color\">Utdanningsutvalget<\/h4>\n\n\n\n<p class=\"has-black-color has-text-color\">5 faste representanter<\/p>\n\n\n\n<p class=\"has-black-color has-text-color\">5 vara<\/p>\n\n\n\n<p class=\"has-black-color has-text-color\">Representantene honoreres for m\u00f8tetid og forberedelser etter statens satser <\/p>\n\n\n\n<p class=\"has-black-color has-text-color\">M\u00f8tehyppighet: Ca. 4 ganger i l\u00f8pet av \u00e5ret<\/p>\n\n\n\n<p class=\"has-black-color has-text-color\"><mark style=\"background-color:#ffffff\" class=\"has-inline-color has-black-color\">Utdanningsutvalget er et r\u00e5dgivende og ut\u00f8vende organ for universitetsstyret i saker som gjelder studier og utdanning<\/mark>. I utdanningsutvalget s\u00e5 gir du rektor r\u00e5d i saker som gjelder godkjenning av studieplan for nye studietilbud over 30 studiepoeng. Utdanningsutvalget skal p\u00e5se at kvalitetsarbeidet i institusjonen og kvalitetssikringssystemet blir fulgt opp og videreutviklet p\u00e5 en god og forsvarlig m\u00e5te.<\/p>\n\n\n\n<p>Mer informasjon om <a href=\"https:\/\/www.nord.no\/no\/om-oss\/rad-og-utval\/utdanningsutvalget\" data-type=\"URL\" data-id=\"https:\/\/www.nord.no\/no\/om-oss\/rad-og-utval\/utdanningsutvalget\">utdanningsutvalget<\/a><\/p>\n\n\n\n<div style=\"height:28px\" aria-hidden=\"true\" class=\"wp-block-spacer\"><\/div>\n\n\n\n<h4 class=\"wp-block-heading has-black-color has-text-color\">L\u00e6ringsmilj\u00f8utvalget<\/h4>\n\n\n\n<p class=\"has-black-color has-text-color\">5 faste representanter <\/p>\n\n\n\n<p class=\"has-black-color has-text-color\">5 vara<\/p>\n\n\n\n<p class=\"has-black-color has-text-color\">Representantene honoreres for m\u00f8tetid og forberedelser etter statens satser <\/p>\n\n\n\n<p class=\"has-black-color has-text-color\">M\u00f8tehyppighet: 4 m\u00f8ter i \u00e5ret<\/p>\n\n\n\n<p class=\"has-black-color has-text-color\">L\u00e6ringsmilj\u00f8utvalget (LMU) planlegger og f\u00f8lger opp ulike tiltak som gjelder studentenes l\u00e6ringsmilj\u00f8 p\u00e5 alle plan (fysisk, psykososialt, organisatorisk, digitalt, pedagogisk).<\/p>\n\n\n\n<p>Mer informasjon om <a href=\"https:\/\/www.nord.no\/no\/om-oss\/rad-og-utval\/laringsmiljoutvalet\" data-type=\"URL\" data-id=\"https:\/\/www.nord.no\/no\/om-oss\/rad-og-utval\/laringsmiljoutvalet\" target=\"_blank\" rel=\"noreferrer noopener\">l\u00e6ringsmilj\u00f8utvalget<\/a><\/p>\n\n\n\n<div style=\"height:28px\" aria-hidden=\"true\" class=\"wp-block-spacer\"><\/div>\n\n\n\n<h4 class=\"wp-block-heading has-black-color has-text-color\">Internasjonalt utvalg<\/h4>\n\n\n\n<p class=\"has-black-color has-text-color\">2 faste representanter<\/p>\n\n\n\n<p class=\"has-black-color has-text-color\">2 vara<\/p>\n\n\n\n<p class=\"has-black-color has-text-color\">Representantene honoreres for m\u00f8tetid og forberedelser etter statens satser <\/p>\n\n\n\n<p class=\"has-black-color has-text-color\">M\u00f8tehyppighet: Ca. 5 ganger i l\u00f8pet av \u00e5ret<\/p>\n\n\n\n<p class=\"has-black-color has-text-color\"><mark style=\"background-color:#ffffff\" class=\"has-inline-color has-black-color\">Internasjonalt utvalg (IU) ved Nord universitet skal stimulere til aktiviteter knyttet til internasjonalt arbeid ved fakultetene og blant studentene.<\/mark> Utvalget skal fungere b\u00e5de som p\u00e5driver for internasjonaliseringen av universitetet, og som informasjonskanal og m\u00f8tested for ulike avdelinger, fakulteter og studenter.<\/p>\n\n\n\n<p>Mer informasjon om <a href=\"https:\/\/www.nord.no\/no\/om-oss\/rad-og-utval\/internasjonaltutvalg\" data-type=\"URL\" data-id=\"https:\/\/www.nord.no\/no\/om-oss\/rad-og-utval\/internasjonaltutvalg\" target=\"_blank\" rel=\"noreferrer noopener\">internasjonalt utvalg<\/a><\/p>\n\n\n\n<div style=\"height:28px\" aria-hidden=\"true\" class=\"wp-block-spacer\"><\/div>\n\n\n\n<h4 class=\"wp-block-heading has-black-color has-text-color\">Nemnda for studentsaker<\/h4>\n\n\n\n<p class=\"has-black-color has-text-color\">2 faste representanter<\/p>\n\n\n\n<p class=\"has-black-color has-text-color\">2 vara<\/p>\n\n\n\n<p class=\"has-black-color has-text-color\">Representantene honoreres for m\u00f8tetid og forberedelser etter statens satser <\/p>\n\n\n\n<p class=\"has-black-color has-text-color\">M\u00f8tehyppighet: Varierende ut fra hvor mange klagesaker. V\u00e5ren 2023 ble det avholdt 10 m\u00f8ter. <\/p>\n\n\n\n<p class=\"has-black-color has-text-color\"><mark style=\"background-color:#ffffff\" class=\"has-inline-color has-black-color\">Alle utdanningsinstitusjoner under lov om universiteter og h\u00f8gskoler er p\u00e5lagt \u00e5 opprette en egen nemnd for studentsaker, jf. uhl \u00a7 5-1. Nemnda for studentsaker behandler saker som fusk, plagiat, formelle feil ved eksamen og andre enkeltvedtak som ang\u00e5r studenten.<\/mark><\/p>\n\n\n\n<p>Mer informasjon om <a href=\"https:\/\/www.nord.no\/no\/om-oss\/rad-og-utval\/nemnda-for-studentsaker\" data-type=\"URL\" data-id=\"https:\/\/www.nord.no\/no\/om-oss\/rad-og-utval\/nemnda-for-studentsaker\" target=\"_blank\" rel=\"noreferrer noopener\">nemnda for studentsaker<\/a><\/p>\n\n\n\n<div style=\"height:28px\" aria-hidden=\"true\" class=\"wp-block-spacer\"><\/div>\n\n\n\n<h4 class=\"wp-block-heading has-black-color has-text-color\">Skikkethetsnemnda<\/h4>\n\n\n\n<p class=\"has-black-color has-text-color\">2 faste representanter<\/p>\n\n\n\n<p class=\"has-black-color has-text-color\">Representantene honoreres for m\u00f8tetid og forberedelser etter statens satser <\/p>\n\n\n\n<p class=\"has-black-color has-text-color\">M\u00f8tehyppighet: M\u00f8tes ved behov<\/p>\n\n\n\n<p class=\"has-black-color has-text-color\"><mark style=\"background-color:#ffffff\" class=\"has-inline-color has-black-color\">Skikkethetsnemnda har som oppgave \u00e5 sikre legitimitet blant studentene og sikre at studentene opplever rettssikkerhet, samtidig som den skal bidra til \u00e5 beskytte samfunnet rundt oss. Nemda skal l\u00f8pende gjennom hele studie\u00e5ret foreta vurderinger knyttet til om studenter er skikket til \u00e5 fullf\u00f8re utdanningen sin. Dette gjelder i all hovedsak studenter som skal jobbe i omsorgsyrker som for eksempel l\u00e6reryrket, og\/eller helse- og sosialfaglige yrker. Nemdas vurdering av skikkethet skal v\u00e6re en helhetsvurdering som gj\u00f8res med hensyn til studentens personlige og faglige kvalifikasjoner, og som prioriterer studentenes og samfunnets sikkerhet f\u00f8rst.<\/mark><\/p>\n\n\n\n<p>Mer informasjon om <a href=\"https:\/\/www.nord.no\/no\/om-oss\/rad-og-utval\/skikkethetsnemnd\" data-type=\"URL\" data-id=\"https:\/\/www.nord.no\/no\/om-oss\/rad-og-utval\/skikkethetsnemnd\" target=\"_blank\" rel=\"noreferrer noopener\">skikkethetsnemnda<\/a><\/p>\n\n\n\n<div style=\"height:28px\" aria-hidden=\"true\" class=\"wp-block-spacer\"><\/div>\n\n\n\n<h4 class=\"wp-block-heading has-black-color has-text-color\">Ansettelsesutvalget<\/h4>\n\n\n\n<p class=\"has-black-color has-text-color\">1 fast representant<\/p>\n\n\n\n<p class=\"has-black-color has-text-color\">1 vara<\/p>\n\n\n\n<p class=\"has-black-color has-text-color\">Representantene honoreres for m\u00f8tetid og forberedelser etter statens satser <\/p>\n\n\n\n<p class=\"has-black-color has-text-color\">M\u00f8tehyppighet: Faste digitale m\u00f8ter hver andre uke, utenom ferier<\/p>\n\n\n\n<p class=\"has-black-color has-text-color\">Ansettelsesutvalget for vitenskapelige stillinger har delegert myndighet fra styret til \u00e5 foreta ansettelse i alle undervisnings- og forskerstillinger, samt ansettelser i utdanningsstillinger og vitenskapelig assistenter. Utvalget vedtar andre forhold som ang\u00e5r arbeidsforholdet i disse stillingskategoriene, som tildeling av opprykk, permisjoner og forlengelser.<\/p>\n\n\n\n<div style=\"height:28px\" aria-hidden=\"true\" class=\"wp-block-spacer\"><\/div>\n\n\n\n<h4 class=\"wp-block-heading has-black-color has-text-color\">Likestillings-, mangfold- og inkluderingsutvalget<\/h4>\n\n\n\n<p class=\"has-black-color has-text-color\">2 faste representanter<\/p>\n\n\n\n<p class=\"has-black-color has-text-color\">2 vara<\/p>\n\n\n\n<p class=\"has-black-color has-text-color\">Representantene honoreres for m\u00f8tetid og forberedelser etter statens satser <\/p>\n\n\n\n<p class=\"has-black-color has-text-color\">M\u00f8tehyppighet: ca. 5 ganger i \u00e5ret<\/p>\n\n\n\n<p class=\"has-black-color has-text-color\"><mark style=\"background-color:#ffffff\" class=\"has-inline-color has-black-color\">Likestilling-, mangfold- og inkluderingsutvalget oppnevnes av rektor og er et r\u00e5dgivende organ for universitetets ledelse i alle saker som ang\u00e5r likestilling, mangfold og inkludering. Utvalget skal v\u00e6re en ressurs for \u00e5 fremme arbeidet med likestilling, mangfold og integrering p\u00e5 en god og helhetlig m\u00e5te i institusjonen. Utvalgets form\u00e5l er \u00e5 fremme reell likestilling ved Nord universitet uavhengig av kj\u00f8nn, etnisitet, funksjonsevne, religion, livssyn, alder og seksuell orientering.<\/mark><\/p>\n\n\n\n<p>Mer informasjon om <a href=\"https:\/\/www.nord.no\/no\/om-oss\/rad-og-utval\/likestillings-mangfolds-og-inkluderingsutvalget\" data-type=\"URL\" data-id=\"https:\/\/www.nord.no\/no\/om-oss\/rad-og-utval\/likestillings-mangfolds-og-inkluderingsutvalget\" target=\"_blank\" rel=\"noreferrer noopener\">likestillings-, mangfold- og inkluderingsutvalget<\/a><\/p>\n\n\n\n<div style=\"height:28px\" aria-hidden=\"true\" class=\"wp-block-spacer\"><\/div>\n\n\n\n<div class=\"wp-block-buttons is-layout-flex wp-block-buttons-is-layout-flex\">\n<div class=\"wp-block-button aligncenter\"><a class=\"wp-block-button__link wp-element-button\" href=\"https:\/\/forms.gle\/ZBjFqdUCaKBfyatG7\" target=\"_blank\" rel=\"noreferrer noopener\">S\u00f8k til styrer, r\u00e5d og utvalg her<\/a><\/div>\n<\/div>\n","protected":false},"excerpt":{"rendered":"<p>Alle verv varer fra 1. juli til 31. juni, hvis ikke annet er spesifisert Universitetsstyret 2 faste representanter 2 vara Representantene honoreres etter m\u00f8tedeltakelse, og en \u00e5rlig godtgj\u00f8relse M\u00f8tehyppighet: Ca. 6-7 m\u00f8ter i l\u00f8pet av \u00e5ret Styret ved Nord universitet er det \u00f8verste styringsorganet. Styret har ansvar for at virksomheten holder h\u00f8y faglig kvalitet, og [&hellip;]<\/p>\n","protected":false},"author":102,"featured_media":0,"parent":221,"menu_order":0,"comment_status":"closed","ping_status":"closed","template":"","meta":{"footnotes":""},"coauthors":[19],"class_list":["post-2316","page","type-page","status-publish","hentry"],"_links":{"self":[{"href":"https:\/\/site.nord.no\/studorg\/wp-json\/wp\/v2\/pages\/2316","targetHints":{"allow":["GET"]}}],"collection":[{"href":"https:\/\/site.nord.no\/studorg\/wp-json\/wp\/v2\/pages"}],"about":[{"href":"https:\/\/site.nord.no\/studorg\/wp-json\/wp\/v2\/types\/page"}],"author":[{"embeddable":true,"href":"https:\/\/site.nord.no\/studorg\/wp-json\/wp\/v2\/users\/102"}],"replies":[{"embeddable":true,"href":"https:\/\/site.nord.no\/studorg\/wp-json\/wp\/v2\/comments?post=2316"}],"version-history":[{"count":40,"href":"https:\/\/site.nord.no\/studorg\/wp-json\/wp\/v2\/pages\/2316\/revisions"}],"predecessor-version":[{"id":3469,"href":"https:\/\/site.nord.no\/studorg\/wp-json\/wp\/v2\/pages\/2316\/revisions\/3469"}],"up":[{"embeddable":true,"href":"https:\/\/site.nord.no\/studorg\/wp-json\/wp\/v2\/pages\/221"}],"wp:attachment":[{"href":"https:\/\/site.nord.no\/studorg\/wp-json\/wp\/v2\/media?parent=2316"}],"wp:term":[{"taxonomy":"author","embeddable":true,"href":"https:\/\/site.nord.no\/studorg\/wp-json\/wp\/v2\/coauthors?post=2316"}],"curies":[{"name":"wp","href":"https:\/\/api.w.org\/{rel}","templated":true}]}}