{"id":3730,"date":"2024-09-11T00:44:46","date_gmt":"2024-09-10T22:44:46","guid":{"rendered":"https:\/\/site.nord.no\/studorg\/?page_id=3730"},"modified":"2024-10-31T02:57:26","modified_gmt":"2024-10-31T01:57:26","slug":"studentting-24-25","status":"publish","type":"page","link":"https:\/\/site.nord.no\/studorg\/studentting-24-25\/","title":{"rendered":"Studentting 2024-2025"},"content":{"rendered":"\n<p>Her ligger sakspapirene for studentting 1 &#8211; 2024\/2025:<\/p>\n\n\n\n<div class=\"wp-block-group is-layout-constrained wp-block-group-is-layout-constrained\">\n<div class=\"wp-block-columns is-layout-flex wp-container-core-columns-is-layout-28f84493 wp-block-columns-is-layout-flex\">\n<div class=\"wp-block-column is-layout-flow wp-block-column-is-layout-flow\">\n<div class=\"wp-block-group is-layout-constrained wp-block-group-is-layout-constrained\">\n<h2 class=\"wp-block-heading\">Sakspapirer:<\/h2>\n\n\n\n<div data-wp-interactive=\"core\/file\" class=\"wp-block-file\"><object data-wp-bind--hidden=\"!state.hasPdfPreview\" hidden class=\"wp-block-file__embed\" data=\"https:\/\/site.nord.no\/studorg\/wp-content\/uploads\/sites\/28\/2024\/09\/Saksliste2-Studenting-1-2024-2025-5.pdf\" type=\"application\/pdf\" style=\"width:100%;height:600px\" aria-label=\"Innbygging av Saksliste2 - Studenting 1 2024-2025\"><\/object><a id=\"wp-block-file--media-4142f33b-2e31-4e9f-a0d3-0889282f0cd7\" href=\"https:\/\/site.nord.no\/studorg\/wp-content\/uploads\/sites\/28\/2024\/09\/Saksliste2-Studenting-1-2024-2025-5.pdf\">Saksliste2 &#8211; Studenting 1 2024-2025<\/a><a href=\"https:\/\/site.nord.no\/studorg\/wp-content\/uploads\/sites\/28\/2024\/09\/Saksliste2-Studenting-1-2024-2025-5.pdf\" class=\"wp-block-file__button wp-element-button\" download aria-describedby=\"wp-block-file--media-4142f33b-2e31-4e9f-a0d3-0889282f0cd7\">Last ned<\/a><\/div>\n<\/div>\n<\/div>\n\n\n\n<div class=\"wp-block-column is-layout-flow wp-block-column-is-layout-flow\">\n<div class=\"wp-block-group is-layout-constrained wp-block-group-is-layout-constrained\">\n<h2 class=\"wp-block-heading\">Budsjettforslag:<\/h2>\n\n\n\n<div data-wp-interactive=\"core\/file\" class=\"wp-block-file\"><object data-wp-bind--hidden=\"!state.hasPdfPreview\" hidden class=\"wp-block-file__embed\" data=\"https:\/\/site.nord.no\/studorg\/wp-content\/uploads\/sites\/28\/2024\/09\/Budsjettforslag-2024-2025-1.pdf\" type=\"application\/pdf\" style=\"width:100%;height:600px\" aria-label=\"Innbygging av Budsjettforslag 2024-2025\"><\/object><a id=\"wp-block-file--media-290a5b5a-0c17-49c3-ac67-6c61a527a7cf\" href=\"https:\/\/site.nord.no\/studorg\/wp-content\/uploads\/sites\/28\/2024\/09\/Budsjettforslag-2024-2025-1.pdf\">Budsjettforslag 2024-2025<\/a><a href=\"https:\/\/site.nord.no\/studorg\/wp-content\/uploads\/sites\/28\/2024\/09\/Budsjettforslag-2024-2025-1.pdf\" class=\"wp-block-file__button wp-element-button\" download aria-describedby=\"wp-block-file--media-290a5b5a-0c17-49c3-ac67-6c61a527a7cf\">Last ned<\/a><\/div>\n<\/div>\n<\/div>\n<\/div>\n<\/div>\n\n\n\n<div class=\"wp-block-group is-layout-constrained wp-block-group-is-layout-constrained\">\n<h2 class=\"wp-block-heading\">Referat styrem\u00f8ter:<\/h2>\n\n\n\n<div class=\"wp-block-group is-layout-constrained wp-block-group-is-layout-constrained\">\n<div class=\"wp-block-columns is-layout-flex wp-container-core-columns-is-layout-28f84493 wp-block-columns-is-layout-flex\">\n<div class=\"wp-block-column is-layout-flow wp-block-column-is-layout-flow\">\n<p><strong>Styrem\u00f8te 1<\/strong><\/p>\n\n\n\n<div data-wp-interactive=\"core\/file\" class=\"wp-block-file\"><object data-wp-bind--hidden=\"!state.hasPdfPreview\" hidden class=\"wp-block-file__embed\" data=\"https:\/\/site.nord.no\/studorg\/wp-content\/uploads\/sites\/28\/2024\/09\/3.-1-Referat-styremote-1-3.pdf\" type=\"application\/pdf\" style=\"width:100%;height:600px\" aria-label=\"Innbygging av 3. 1 Referat styrem\u00f8te 1\"><\/object><a id=\"wp-block-file--media-13873eb0-e5b3-4bed-a532-2de2820e318f\" href=\"https:\/\/site.nord.no\/studorg\/wp-content\/uploads\/sites\/28\/2024\/09\/3.-1-Referat-styremote-1-3.pdf\">3. 1 Referat styrem\u00f8te 1<\/a><a href=\"https:\/\/site.nord.no\/studorg\/wp-content\/uploads\/sites\/28\/2024\/09\/3.-1-Referat-styremote-1-3.pdf\" class=\"wp-block-file__button wp-element-button\" download aria-describedby=\"wp-block-file--media-13873eb0-e5b3-4bed-a532-2de2820e318f\">Last ned<\/a><\/div>\n<\/div>\n\n\n\n<div class=\"wp-block-column is-layout-flow wp-block-column-is-layout-flow\">\n<p><strong>Styrem\u00f8te 2<\/strong><\/p>\n\n\n\n<div data-wp-interactive=\"core\/file\" class=\"wp-block-file\"><object data-wp-bind--hidden=\"!state.hasPdfPreview\" hidden class=\"wp-block-file__embed\" data=\"https:\/\/site.nord.no\/studorg\/wp-content\/uploads\/sites\/28\/2024\/09\/3.2-Referat-syremote-2-2.pdf\" type=\"application\/pdf\" style=\"width:100%;height:600px\" aria-label=\"Innbygging av 3.2 Referat syrem\u00f8te 2\"><\/object><a id=\"wp-block-file--media-aaf9fded-6318-4a5b-bcdc-feae65c6e443\" href=\"https:\/\/site.nord.no\/studorg\/wp-content\/uploads\/sites\/28\/2024\/09\/3.2-Referat-syremote-2-2.pdf\">3.2 Referat syrem\u00f8te 2<\/a><a href=\"https:\/\/site.nord.no\/studorg\/wp-content\/uploads\/sites\/28\/2024\/09\/3.2-Referat-syremote-2-2.pdf\" class=\"wp-block-file__button wp-element-button\" download aria-describedby=\"wp-block-file--media-aaf9fded-6318-4a5b-bcdc-feae65c6e443\">Last ned<\/a><\/div>\n<\/div>\n<\/div>\n<\/div>\n<\/div>\n\n\n\n<div class=\"wp-block-group is-layout-constrained wp-block-group-is-layout-constrained\">\n<div class=\"wp-block-columns is-layout-flex wp-container-core-columns-is-layout-28f84493 wp-block-columns-is-layout-flex\">\n<div class=\"wp-block-column is-layout-flow wp-block-column-is-layout-flow\">\n<div class=\"wp-block-group is-layout-constrained wp-block-group-is-layout-constrained\">\n<h2 class=\"wp-block-heading\">Regnskap<\/h2>\n\n\n\n<div class=\"wp-block-columns is-layout-flex wp-container-core-columns-is-layout-28f84493 wp-block-columns-is-layout-flex\">\n<div class=\"wp-block-column is-layout-flow wp-block-column-is-layout-flow\">\n<p><strong>Resultat regnskap 2023-2024<\/strong><\/p>\n\n\n\n<div data-wp-interactive=\"core\/file\" class=\"wp-block-file\"><object data-wp-bind--hidden=\"!state.hasPdfPreview\" hidden class=\"wp-block-file__embed\" data=\"https:\/\/site.nord.no\/studorg\/wp-content\/uploads\/sites\/28\/2024\/09\/7.1-Resultat-regnskap-2023-2024-1.pdf\" type=\"application\/pdf\" style=\"width:100%;height:600px\" aria-label=\"Innbygging av 7.1 Resultat regnskap 2023-2024\"><\/object><a id=\"wp-block-file--media-4fecb0b7-ab05-452b-940e-02f6d2bf69e4\" href=\"https:\/\/site.nord.no\/studorg\/wp-content\/uploads\/sites\/28\/2024\/09\/7.1-Resultat-regnskap-2023-2024-1.pdf\">7.1 Resultat regnskap 2023-2024<\/a><a href=\"https:\/\/site.nord.no\/studorg\/wp-content\/uploads\/sites\/28\/2024\/09\/7.1-Resultat-regnskap-2023-2024-1.pdf\" class=\"wp-block-file__button wp-element-button\" download aria-describedby=\"wp-block-file--media-4fecb0b7-ab05-452b-940e-02f6d2bf69e4\">Last ned<\/a><\/div>\n<\/div>\n\n\n\n<div class=\"wp-block-column is-layout-flow wp-block-column-is-layout-flow\">\n<p>  <\/p>\n\n\n\n<div data-wp-interactive=\"core\/file\" class=\"wp-block-file\"><object data-wp-bind--hidden=\"!state.hasPdfPreview\" hidden class=\"wp-block-file__embed\" data=\"https:\/\/site.nord.no\/studorg\/wp-content\/uploads\/sites\/28\/2024\/09\/7.2-Resultatregnskap-Periode-lordag-1.-juli-2023-sondag-30.-juni-2024-sammenlignet-med-fredag-1.-juli-2022-fredag-30.-juni-2023-5.pdf\" type=\"application\/pdf\" style=\"width:100%;height:600px\" aria-label=\"Innbygging av 7.2 Resultatregnskap - Periode l\u00f8rdag 1. juli 2023 - s\u00f8ndag 30. juni 2024 sammenlignet med fredag 1. juli 2022 - fredag 30. juni 2023\"><\/object><a id=\"wp-block-file--media-6d527613-fac9-4591-a54a-8cde66056adf\" href=\"https:\/\/site.nord.no\/studorg\/wp-content\/uploads\/sites\/28\/2024\/09\/7.2-Resultatregnskap-Periode-lordag-1.-juli-2023-sondag-30.-juni-2024-sammenlignet-med-fredag-1.-juli-2022-fredag-30.-juni-2023-5.pdf\">7.2 Resultatregnskap &#8211; Periode l\u00f8rdag 1. juli 2023 &#8211; s\u00f8ndag 30. juni 2024 sammenlignet med fredag 1. juli 2022 &#8211; fredag 30. juni 2023<\/a><a href=\"https:\/\/site.nord.no\/studorg\/wp-content\/uploads\/sites\/28\/2024\/09\/7.2-Resultatregnskap-Periode-lordag-1.-juli-2023-sondag-30.-juni-2024-sammenlignet-med-fredag-1.-juli-2022-fredag-30.-juni-2023-5.pdf\" class=\"wp-block-file__button wp-element-button\" download aria-describedby=\"wp-block-file--media-6d527613-fac9-4591-a54a-8cde66056adf\">Last ned<\/a><\/div>\n<\/div>\n<\/div>\n\n\n\n<div class=\"wp-block-columns is-layout-flex wp-container-core-columns-is-layout-28f84493 wp-block-columns-is-layout-flex\">\n<div class=\"wp-block-column is-layout-flow wp-block-column-is-layout-flow\">\n<div data-wp-interactive=\"core\/file\" class=\"wp-block-file\"><object data-wp-bind--hidden=\"!state.hasPdfPreview\" hidden class=\"wp-block-file__embed\" data=\"https:\/\/site.nord.no\/studorg\/wp-content\/uploads\/sites\/28\/2024\/09\/7.3Saldobalanse-Periode-lordag-1.-juli-2023-sondag-30.-juni-2024-1-4.pdf\" type=\"application\/pdf\" style=\"width:100%;height:600px\" aria-label=\"Innbygging av 7.3Saldobalanse - Periode l\u00f8rdag 1. juli 2023 - s\u00f8ndag 30. juni 2024 (1)\"><\/object><a id=\"wp-block-file--media-23499d8e-34c5-497d-a001-05a204bb2aba\" href=\"https:\/\/site.nord.no\/studorg\/wp-content\/uploads\/sites\/28\/2024\/09\/7.3Saldobalanse-Periode-lordag-1.-juli-2023-sondag-30.-juni-2024-1-4.pdf\">7.3Saldobalanse &#8211; Periode l\u00f8rdag 1. juli 2023 &#8211; s\u00f8ndag 30. juni 2024 (1)<\/a><a href=\"https:\/\/site.nord.no\/studorg\/wp-content\/uploads\/sites\/28\/2024\/09\/7.3Saldobalanse-Periode-lordag-1.-juli-2023-sondag-30.-juni-2024-1-4.pdf\" class=\"wp-block-file__button wp-element-button\" download aria-describedby=\"wp-block-file--media-23499d8e-34c5-497d-a001-05a204bb2aba\">Last ned<\/a><\/div>\n<\/div>\n\n\n\n<div class=\"wp-block-column is-layout-flow wp-block-column-is-layout-flow\"><\/div>\n<\/div>\n<\/div>\n<\/div>\n<\/div>\n<\/div>\n\n\n\n<h2 class=\"wp-block-heading\">Rapporter:<\/h2>\n\n\n\n<div class=\"wp-block-columns is-layout-flex wp-container-core-columns-is-layout-28f84493 wp-block-columns-is-layout-flex\">\n<div class=\"wp-block-column is-layout-flow wp-block-column-is-layout-flow\">\n<p><strong>Rapport Gryta<\/strong><\/p>\n\n\n\n<div data-wp-interactive=\"core\/file\" class=\"wp-block-file\"><object data-wp-bind--hidden=\"!state.hasPdfPreview\" hidden class=\"wp-block-file__embed\" data=\"https:\/\/site.nord.no\/studorg\/wp-content\/uploads\/sites\/28\/2024\/09\/Rapport-Gryta-v1.3-1.pdf\" type=\"application\/pdf\" style=\"width:100%;height:600px\" aria-label=\"Innbygging av Rapport Gryta v1.3\"><\/object><a id=\"wp-block-file--media-ddb13edb-2546-4eae-91fd-dcfe0b33edf5\" href=\"https:\/\/site.nord.no\/studorg\/wp-content\/uploads\/sites\/28\/2024\/09\/Rapport-Gryta-v1.3-1.pdf\">Rapport Gryta v1.3<\/a><a href=\"https:\/\/site.nord.no\/studorg\/wp-content\/uploads\/sites\/28\/2024\/09\/Rapport-Gryta-v1.3-1.pdf\" class=\"wp-block-file__button wp-element-button\" download aria-describedby=\"wp-block-file--media-ddb13edb-2546-4eae-91fd-dcfe0b33edf5\">Last ned<\/a><\/div>\n<\/div>\n\n\n\n<div class=\"wp-block-column is-layout-flow wp-block-column-is-layout-flow\"><\/div>\n<\/div>\n","protected":false},"excerpt":{"rendered":"<p>Her ligger sakspapirene for studentting 1 &#8211; 2024\/2025: Sakspapirer: Budsjettforslag: Referat styrem\u00f8ter: Styrem\u00f8te 1 Styrem\u00f8te 2 Regnskap Resultat regnskap 2023-2024 Rapporter: Rapport Gryta<\/p>\n","protected":false},"author":124,"featured_media":0,"parent":0,"menu_order":0,"comment_status":"closed","ping_status":"closed","template":"","meta":{"footnotes":""},"coauthors":[22],"class_list":["post-3730","page","type-page","status-publish","hentry"],"_links":{"self":[{"href":"https:\/\/site.nord.no\/studorg\/wp-json\/wp\/v2\/pages\/3730","targetHints":{"allow":["GET"]}}],"collection":[{"href":"https:\/\/site.nord.no\/studorg\/wp-json\/wp\/v2\/pages"}],"about":[{"href":"https:\/\/site.nord.no\/studorg\/wp-json\/wp\/v2\/types\/page"}],"author":[{"embeddable":true,"href":"https:\/\/site.nord.no\/studorg\/wp-json\/wp\/v2\/users\/124"}],"replies":[{"embeddable":true,"href":"https:\/\/site.nord.no\/studorg\/wp-json\/wp\/v2\/comments?post=3730"}],"version-history":[{"count":3,"href":"https:\/\/site.nord.no\/studorg\/wp-json\/wp\/v2\/pages\/3730\/revisions"}],"predecessor-version":[{"id":4328,"href":"https:\/\/site.nord.no\/studorg\/wp-json\/wp\/v2\/pages\/3730\/revisions\/4328"}],"wp:attachment":[{"href":"https:\/\/site.nord.no\/studorg\/wp-json\/wp\/v2\/media?parent=3730"}],"wp:term":[{"taxonomy":"author","embeddable":true,"href":"https:\/\/site.nord.no\/studorg\/wp-json\/wp\/v2\/coauthors?post=3730"}],"curies":[{"name":"wp","href":"https:\/\/api.w.org\/{rel}","templated":true}]}}