{"id":255,"date":"2022-09-28T12:23:51","date_gmt":"2022-09-28T10:23:51","guid":{"rendered":"https:\/\/site.nord.no\/words-and-violence\/?page_id=255"},"modified":"2025-12-10T11:25:27","modified_gmt":"2025-12-10T10:25:27","slug":"about-the-project","status":"publish","type":"page","link":"https:\/\/site.nord.no\/words-and-violence\/","title":{"rendered":"About the project"},"content":{"rendered":"\n<div class=\"wp-block-columns is-layout-flex wp-container-core-columns-is-layout-28f84493 wp-block-columns-is-layout-flex\">\n<div class=\"wp-block-column is-layout-flow wp-block-column-is-layout-flow\">\n<h2 class=\"wp-block-heading\" style=\"font-size:22px\"><a href=\"https:\/\/site.nord.no\/words-and-violence\/call-for-papers-words-and-violence-conference-at-oslo-met-26-28-may-2026\/\" data-type=\"post\" data-id=\"837\">Call for papers. Words and Violence conference at Oslo Met 26-28 May 2026<\/a><\/h2>\n\n\n\n<p>Deadline 1 February 2026<\/p>\n\n\n\n<h2 class=\"wp-block-heading\">Presentation of the project in Norwegian and French:<\/h2>\n\n\n\n<p><a href=\"https:\/\/www.nord.no\/forskning\/forskningsprosjekt\/ord-og-vold\">&gt;&gt; Ord og vold: Forfattere mellom demokrati og diktatur 1933-1952<\/a><\/p>\n\n\n\n<p>The Words and Violence project analyses the democratic resilience and vulnerability of cultural life in the 1930s and \u201940s, using both statistical and qualitative approaches. The Norwegian experience is compared with that of other countries under fascist occupation during World War II, notably France. Focus is on the field of literature before, during and after the occupation. Researchers examine why writers, translators, and intellectuals made the choices they did, faced with censorship and terror, but will also explore a new kind of public investment in culture, orchestrated by the dictatorship. The aim is to produce solid knowledge about historical issues that are hotly debated and of obvious contemporary relevance, but that are rarely researched in a systematic way. Problems of memory politics and public history are emphasised.<\/p>\n\n\n\n<details class=\"wp-block-details is-layout-flow wp-block-details-is-layout-flow\"><summary><strong><span style=\"text-decoration: underline;\">Budget, Partners and Participants<\/span><\/strong><\/summary>\n<p><strong>Budget:&nbsp;<\/strong><strong>NOK 21 mill<\/strong><\/p>\n\n\n\n<h4 class=\"wp-block-heading\"><strong>Funders: Nord University&nbsp;and&nbsp;NRC<\/strong><\/h4>\n\n\n\n<h4 class=\"wp-block-heading\"><strong>Start and finish date: 01.06.2022 \u2013 31.12.2027<\/strong><\/h4>\n\n\n\n<h4 class=\"wp-block-heading\"><strong>Consortium:&nbsp;<\/strong><\/h4>\n\n\n\n<h4 class=\"wp-block-heading\"><strong>Nord University \u2013 Bod\u00f8,&nbsp;<\/strong><\/h4>\n\n\n\n<h4 class=\"wp-block-heading\"><strong>University of Oslo \u2013 Oslo,&nbsp;<\/strong><\/h4>\n\n\n\n<h4 class=\"wp-block-heading\"><strong>UiT The Arctic University of Norway \u2013 Troms\u00f8,&nbsp;<\/strong><\/h4>\n\n\n\n<h4 class=\"wp-block-heading\"><strong>The Falstad Centre \u2013&nbsp;Levanger,&nbsp;<\/strong><\/h4>\n\n\n\n<h4 class=\"wp-block-heading\"><strong>The Norwegian Center for Holocaust and Minority Studies&nbsp;\u2013 Oslo<\/strong><\/h4>\n\n\n\n<h4 class=\"wp-block-heading\"><strong>The National Library of Norway \u2013 Oslo and Mo i Rana<\/strong>&nbsp;<\/h4>\n\n\n\n<p><strong>Researchers:<\/strong><\/p>\n\n\n\n<p>Professor&nbsp;<strong>Kjetil Ansgar Jakobsen<\/strong>&nbsp; Project lead \u201cWords and Violence\u201d, Nord university, Norway.<\/p>\n\n\n\n<p>Professor&nbsp;<strong>Tore Rem&nbsp;<\/strong>Director UiO Democracy. University of Oslo, Norway.<\/p>\n\n\n\n<p>Professor&nbsp;<strong>Johs Hjellbrekke<\/strong>&nbsp;UiB\/Nord<\/p>\n\n\n\n<p>Professor&nbsp;<strong>Guri Hjeltnes<\/strong>&nbsp;HL-senteret\/Nord<\/p>\n\n\n\n<p>Professor&nbsp;<strong>Marianne Neerland Solheim<\/strong>, UiT<\/p>\n\n\n\n<p>Associate Professor<strong>&nbsp;Tanja Ellingen<\/strong>, Nord<\/p>\n\n\n\n<p>Associate Professor<strong>&nbsp;Leiv Sem<\/strong>, Nord<\/p>\n\n\n\n<p>Associate Professor<strong>&nbsp;Ronny Spaans<\/strong>, Nord<\/p>\n\n\n\n<p>Associate Professor<strong>&nbsp;Synne Corell<\/strong>, HL-senteret\/UiB<\/p>\n\n\n\n<p>Associate Professor<strong>&nbsp;Anette Homlong Storeide<\/strong>, Falstad-senteret<\/p>\n\n\n\n<p>Postdoctoral researcher&nbsp;<strong>Eve Gianoncelli<\/strong>, Nord,<\/p>\n\n\n\n<p>Postdoctoral researcher&nbsp;<strong>P\u00e5l Csaszni Halvorsen<\/strong>, Nord<\/p>\n\n\n\n<p>PhD researcher&nbsp;<strong>Mario Kikas<\/strong>, Nord<\/p>\n\n\n\n<p><strong>Scientific committee:<\/strong><\/p>\n\n\n\n<p>Professor&nbsp;<strong>Gis\u00e8le Sapiro<\/strong>, Director of research, EHESS &amp; CNRS, Paris https:\/\/www.researchgate.net\/profile\/Gisele-Sapiro<\/p>\n\n\n\n<p>Professor&nbsp;&nbsp;<strong>Tor Agnar Korneliussen<\/strong>, Nord<\/p>\n\n\n\n<p>Professor&nbsp; emeritus&nbsp;<strong>Roger Griffin<\/strong>, Oxford Brookes, UK<\/p>\n\n\n\n<p>Professor&nbsp;&nbsp;<strong>Terje Emberland,<\/strong>&nbsp;HL-senteret<\/p>\n\n\n\n<p>Professor&nbsp;&nbsp;<strong>Narve Fuls\u00e5s<\/strong>, UiT<\/p>\n\n\n\n<p>Professor&nbsp;<strong>Peter D. McDonald<\/strong>, St Hugh\u2019s College, UK&nbsp; &nbsp; &nbsp; &nbsp;https:\/\/www.st-hughs.ox.ac.uk\/people\/professor-peter-mcdonald\/<\/p>\n<\/details>\n<\/div>\n<\/div>\n\n\n\n<h2 class=\"wp-block-heading\">Les mots et la violence : Les \u00e9crivains entre d\u00e9mocratie et dictature 1933-1952<\/h2>\n\n\n\n<p>Les mots et la violence&nbsp;est un projet scientifique o\u00f9 la r\u00e9silience et la vuln\u00e9rabilit\u00e9 d\u00e9mocratique de la vie culturelle dans les ann\u00e9es 1930 et 1940, seront analys\u00e9es,&nbsp;en utilisant \u00e0 la fois des approches statistiques et qualitatives.&nbsp;L\u2019exp\u00e9rience norv\u00e9gienne est compar\u00e9e \u00e0 celle d\u2019autres pays sous&nbsp;<strong>l\u2019<\/strong>occupation fasciste pendant la Seconde Guerre mondiale, et plus particuli\u00e8rement la France.&nbsp;L\u2019accent est mis sur le domaine de la litt\u00e9rature avant, pendant et apr\u00e8s l\u2019occupation.&nbsp;La question pos\u00e9e c\u2019est&nbsp;pourquoi les \u00e9crivains, les traducteurs et les intellectuels ont faits les choix qu\u2019ils ont faits, face \u00e0 la censure et \u00e0 la terreur, mais \u00e9galement face&nbsp;\u00e0 un&nbsp;nouveau type d\u2019investissement massif dans la culture, orchestr\u00e9 par la dictature.&nbsp;L\u2019objectif est de produire des connaissances solides sur des questions historiques qui font l\u2019objet de vifs d\u00e9bats et qui sont d\u2019une pertinence contemporaine \u00e9vidente, mais qui sont rarement \u00e9tudi\u00e9es de mani\u00e8re syst\u00e9matique. Les d\u00e9fis de la politique de la m\u00e9moire et de l\u2019histoire publique sont mis en \u00e9vidence.<\/p>\n\n\n\n<p>Les mots et la violence&nbsp;est un projet&nbsp;scientifique&nbsp;o\u00f9 la r\u00e9silience et la vuln\u00e9rabilit\u00e9 d\u00e9mocratique de la vie culturelle dans les ann\u00e9es 1930 et 1940,&nbsp;seront analys\u00e9es.&nbsp;<\/p>\n\n\n\n<p><strong>Budget<\/strong>&nbsp;: 21 millions NOK<\/p>\n\n\n\n<p><strong>Financ\u00e9 par<\/strong>: Nord universit\u00e9 et NRC (Norwegian Research Council).<\/p>\n\n\n\n<p><strong>Date de d\u00e9but et de fin<\/strong>&nbsp;: 01.06.2022 \u2013 31.12.2027<\/p>\n\n\n\n<p><strong>Consortium&nbsp;<\/strong>:<\/p>\n\n\n\n<p>Nord University, University of Oslo, UiT The Arctic University of Norway, The Falstad Centre \u2013 Levanger and The Norwegian Center for Holocaust and Minority Studies \u2013 Oslo. The National Library of Norway, Oslo and Mo i Rana.&nbsp;<\/p>\n","protected":false},"excerpt":{"rendered":"<p>Call for papers. Words and Violence conference at Oslo Met 26-28 May 2026 Deadline 1 February 2026 Presentation of the project in Norwegian and French: &gt;&gt; Ord og vold: Forfattere mellom demokrati og diktatur 1933-1952 The Words and Violence project analyses the democratic resilience and vulnerability of cultural life in the 1930s and \u201940s, using [&hellip;]<\/p>\n","protected":false},"author":75,"featured_media":0,"parent":0,"menu_order":0,"comment_status":"closed","ping_status":"closed","template":"","meta":{"footnotes":""},"coauthors":[3],"class_list":["post-255","page","type-page","status-publish","hentry"],"_links":{"self":[{"href":"https:\/\/site.nord.no\/words-and-violence\/wp-json\/wp\/v2\/pages\/255","targetHints":{"allow":["GET"]}}],"collection":[{"href":"https:\/\/site.nord.no\/words-and-violence\/wp-json\/wp\/v2\/pages"}],"about":[{"href":"https:\/\/site.nord.no\/words-and-violence\/wp-json\/wp\/v2\/types\/page"}],"author":[{"embeddable":true,"href":"https:\/\/site.nord.no\/words-and-violence\/wp-json\/wp\/v2\/users\/75"}],"replies":[{"embeddable":true,"href":"https:\/\/site.nord.no\/words-and-violence\/wp-json\/wp\/v2\/comments?post=255"}],"version-history":[{"count":120,"href":"https:\/\/site.nord.no\/words-and-violence\/wp-json\/wp\/v2\/pages\/255\/revisions"}],"predecessor-version":[{"id":872,"href":"https:\/\/site.nord.no\/words-and-violence\/wp-json\/wp\/v2\/pages\/255\/revisions\/872"}],"wp:attachment":[{"href":"https:\/\/site.nord.no\/words-and-violence\/wp-json\/wp\/v2\/media?parent=255"}],"wp:term":[{"taxonomy":"author","embeddable":true,"href":"https:\/\/site.nord.no\/words-and-violence\/wp-json\/wp\/v2\/coauthors?post=255"}],"curies":[{"name":"wp","href":"https:\/\/api.w.org\/{rel}","templated":true}]}}

<div class="wp-block-columns is-layout-flex wp-container-core-columns-is-layout-28f84493 wp-block-columns-is-layout-flex">
<div class="wp-block-column is-layout-flow wp-block-column-is-layout-flow">
<h2 class="wp-block-heading" style="font-size:22px"><a href="https://site.nord.no/words-and-violence/call-for-papers-words-and-violence-conference-at-oslo-met-26-28-may-2026/" data-type="post" data-id="837">Call for papers. Words and Violence conference at Oslo Met 26-28 May 2026</a></h2>



<p>Deadline 1 February 2026</p>



<h2 class="wp-block-heading">Presentation of the project in Norwegian and French:</h2>



<p><a href="https://www.nord.no/forskning/forskningsprosjekt/ord-og-vold">&gt;&gt; Ord og vold: Forfattere mellom demokrati og diktatur 1933-1952</a></p>



<p>The Words and Violence project analyses the democratic resilience and vulnerability of cultural life in the 1930s and ’40s, using both statistical and qualitative approaches. The Norwegian experience is compared with that of other countries under fascist occupation during World War II, notably France. Focus is on the field of literature before, during and after the occupation. Researchers examine why writers, translators, and intellectuals made the choices they did, faced with censorship and terror, but will also explore a new kind of public investment in culture, orchestrated by the dictatorship. The aim is to produce solid knowledge about historical issues that are hotly debated and of obvious contemporary relevance, but that are rarely researched in a systematic way. Problems of memory politics and public history are emphasised.</p>



<details class="wp-block-details is-layout-flow wp-block-details-is-layout-flow"><summary><strong><span style="text-decoration: underline;">Budget, Partners and Participants</span></strong></summary>
<p><strong>Budget:&nbsp;</strong><strong>NOK 21 mill</strong></p>



<h4 class="wp-block-heading"><strong>Funders: Nord University&nbsp;and&nbsp;NRC</strong></h4>



<h4 class="wp-block-heading"><strong>Start and finish date: 01.06.2022 – 31.12.2027</strong></h4>



<h4 class="wp-block-heading"><strong>Consortium:&nbsp;</strong></h4>



<h4 class="wp-block-heading"><strong>Nord University – Bodø,&nbsp;</strong></h4>



<h4 class="wp-block-heading"><strong>University of Oslo – Oslo,&nbsp;</strong></h4>



<h4 class="wp-block-heading"><strong>UiT The Arctic University of Norway – Tromsø,&nbsp;</strong></h4>



<h4 class="wp-block-heading"><strong>The Falstad Centre –&nbsp;Levanger,&nbsp;</strong></h4>



<h4 class="wp-block-heading"><strong>The Norwegian Center for Holocaust and Minority Studies&nbsp;– Oslo</strong></h4>



<h4 class="wp-block-heading"><strong>The National Library of Norway – Oslo and Mo i Rana</strong>&nbsp;</h4>



<p><strong>Researchers:</strong></p>



<p>Professor&nbsp;<strong>Kjetil Ansgar Jakobsen</strong>&nbsp; Project lead “Words and Violence”, Nord university, Norway.</p>



<p>Professor&nbsp;<strong>Tore Rem&nbsp;</strong>Director UiO Democracy. University of Oslo, Norway.</p>



<p>Professor&nbsp;<strong>Johs Hjellbrekke</strong>&nbsp;UiB/Nord</p>



<p>Professor&nbsp;<strong>Guri Hjeltnes</strong>&nbsp;HL-senteret/Nord</p>



<p>Professor&nbsp;<strong>Marianne Neerland Solheim</strong>, UiT</p>



<p>Associate Professor<strong>&nbsp;Tanja Ellingen</strong>, Nord</p>



<p>Associate Professor<strong>&nbsp;Leiv Sem</strong>, Nord</p>



<p>Associate Professor<strong>&nbsp;Ronny Spaans</strong>, Nord</p>



<p>Associate Professor<strong>&nbsp;Synne Corell</strong>, HL-senteret/UiB</p>



<p>Associate Professor<strong>&nbsp;Anette Homlong Storeide</strong>, Falstad-senteret</p>



<p>Postdoctoral researcher&nbsp;<strong>Eve Gianoncelli</strong>, Nord,</p>



<p>Postdoctoral researcher&nbsp;<strong>Pål Csaszni Halvorsen</strong>, Nord</p>



<p>PhD researcher&nbsp;<strong>Mario Kikas</strong>, Nord</p>



<p><strong>Scientific committee:</strong></p>



<p>Professor&nbsp;<strong>Gisèle Sapiro</strong>, Director of research, EHESS &amp; CNRS, Paris https://www.researchgate.net/profile/Gisele-Sapiro</p>



<p>Professor&nbsp;&nbsp;<strong>Tor Agnar Korneliussen</strong>, Nord</p>



<p>Professor&nbsp; emeritus&nbsp;<strong>Roger Griffin</strong>, Oxford Brookes, UK</p>



<p>Professor&nbsp;&nbsp;<strong>Terje Emberland,</strong>&nbsp;HL-senteret</p>



<p>Professor&nbsp;&nbsp;<strong>Narve Fulsås</strong>, UiT</p>



<p>Professor&nbsp;<strong>Peter D. McDonald</strong>, St Hugh’s College, UK&nbsp; &nbsp; &nbsp; &nbsp;https://www.st-hughs.ox.ac.uk/people/professor-peter-mcdonald/</p>
</details>
</div>
</div>



<h2 class="wp-block-heading">Les mots et la violence : Les écrivains entre démocratie et dictature 1933-1952</h2>



<p>Les mots et la violence&nbsp;est un projet scientifique où la résilience et la vulnérabilité démocratique de la vie culturelle dans les années 1930 et 1940, seront analysées,&nbsp;en utilisant à la fois des approches statistiques et qualitatives.&nbsp;L’expérience norvégienne est comparée à celle d’autres pays sous&nbsp;<strong>l’</strong>occupation fasciste pendant la Seconde Guerre mondiale, et plus particulièrement la France.&nbsp;L’accent est mis sur le domaine de la littérature avant, pendant et après l’occupation.&nbsp;La question posée c’est&nbsp;pourquoi les écrivains, les traducteurs et les intellectuels ont faits les choix qu’ils ont faits, face à la censure et à la terreur, mais également face&nbsp;à un&nbsp;nouveau type d’investissement massif dans la culture, orchestré par la dictature.&nbsp;L’objectif est de produire des connaissances solides sur des questions historiques qui font l’objet de vifs débats et qui sont d’une pertinence contemporaine évidente, mais qui sont rarement étudiées de manière systématique. Les défis de la politique de la mémoire et de l’histoire publique sont mis en évidence.</p>



<p>Les mots et la violence&nbsp;est un projet&nbsp;scientifique&nbsp;où la résilience et la vulnérabilité démocratique de la vie culturelle dans les années 1930 et 1940,&nbsp;seront analysées.&nbsp;</p>



<p><strong>Budget</strong>&nbsp;: 21 millions NOK</p>



<p><strong>Financé par</strong>: Nord université et NRC (Norwegian Research Council).</p>



<p><strong>Date de début et de fin</strong>&nbsp;: 01.06.2022 – 31.12.2027</p>



<p><strong>Consortium&nbsp;</strong>:</p>



<p>Nord University, University of Oslo, UiT The Arctic University of Norway, The Falstad Centre – Levanger and The Norwegian Center for Holocaust and Minority Studies – Oslo. The National Library of Norway, Oslo and Mo i Rana.&nbsp;</p>
